{"id":6948,"date":"2018-01-22T16:49:25","date_gmt":"2018-01-22T16:49:30","guid":{"rendered":"https:\/\/www.imaxesdaterra.com\/?post_type=product&#038;p=6948"},"modified":"2022-03-03T17:14:52","modified_gmt":"2022-03-03T17:14:52","slug":"temporal-cabo-vilan","status":"publish","type":"product","link":"https:\/\/www.imaxesdaterra.com\/gl\/tenda\/temporal-cabo-vilan\/","title":{"rendered":"Temporal Cabo Vil\u00e1n"},"content":{"rendered":"<p>Forte temporal do Atl\u00e1ntico que rompe contra a pen\u00ednsula do Faro de Cabo Vil\u00e1n, a forza do mar abrumanos e d\u00e9ixanos asombrados da s\u00faa magnitude. Imaxe captada no mes de Xaneiro 2018, cos primeiros temporais do ano que anunciaban ondas de 8 metros, as cales ao romper contra as rochas afiadas ga\u00f1an altura ata chegar a uns posibles 30-40 metros.<\/p>\n<hr \/>\n<p class=\"p1\"><strong>Pedidos<\/strong><\/p>\n<p class=\"p1\">1. Selecciona o tama\u00f1o desexado.<\/p>\n<p class=\"p1\">2. Revisa os detalles dos soportes >> <span style=\"color: #33cccc;\">\u00a0<a style=\"color: #33cccc;\" href=\"https:\/\/www.imaxesdaterra.com\/gal\/soportes\/\" target=\"_blank\" rel=\"noopener noreferrer\"><span class=\"s1\">VER SOPORTES<\/span><\/a><\/span><\/p>\n<p class=\"p1\">3. Selecciona o soporte que m\u00e1is che guste.<\/p>\n<p class=\"p1\">4. Selecciona a cantidade.<\/p>\n<p class=\"p1\">5. Engadir ao carri\u00f1o.<\/p>\n<p class=\"p1\"><strong>Transporte<\/strong><\/p>\n<p class=\"p1\">Revisa os detalles de transporte e impostos >>\u00a0<span style=\"color: #33cccc;\"><a style=\"color: #33cccc;\" href=\"https:\/\/www.imaxesdaterra.com\/gal\/transporte\/\" target=\"_blank\" rel=\"noopener noreferrer\"><span class=\"s1\">VER TRANSPORTE<\/span><\/a><\/span><\/p>\n","protected":false},"excerpt":{"rendered":"<p>Forte temporal do Atl\u00e1ntico que rompe contra a pen\u00ednsula do Faro de Cabo Vil\u00e1n, a forza do mar abrumanos e d\u00e9ixanos asombrados da s\u00faa magnitude. Imaxe captada no mes de Xaneiro 2018, cos primeiros temporais do ano que anunciaban ondas de 8 metros, as cales ao romper contra as rochas afiadas ga\u00f1an altura ata chegar [&hellip;]<\/p>\n","protected":false},"featured_media":8353,"comment_status":"closed","ping_status":"closed","template":"","meta":{"jetpack_post_was_ever_published":false,"jetpack_publicize_message":"","jetpack_is_tweetstorm":false,"jetpack_publicize_feature_enabled":true,"jetpack_social_post_already_shared":true,"jetpack_social_options":{"image_generator_settings":{"template":"highway","enabled":false}}},"product_cat":[138,139],"product_tag":[153,128],"jetpack_publicize_connections":[],"jetpack_sharing_enabled":true,"_links":{"self":[{"href":"https:\/\/www.imaxesdaterra.com\/gl\/wp-json\/wp\/v2\/product\/6948"}],"collection":[{"href":"https:\/\/www.imaxesdaterra.com\/gl\/wp-json\/wp\/v2\/product"}],"about":[{"href":"https:\/\/www.imaxesdaterra.com\/gl\/wp-json\/wp\/v2\/types\/product"}],"replies":[{"embeddable":true,"href":"https:\/\/www.imaxesdaterra.com\/gl\/wp-json\/wp\/v2\/comments?post=6948"}],"wp:featuredmedia":[{"embeddable":true,"href":"https:\/\/www.imaxesdaterra.com\/gl\/wp-json\/wp\/v2\/media\/8353"}],"wp:attachment":[{"href":"https:\/\/www.imaxesdaterra.com\/gl\/wp-json\/wp\/v2\/media?parent=6948"}],"wp:term":[{"taxonomy":"product_cat","embeddable":true,"href":"https:\/\/www.imaxesdaterra.com\/gl\/wp-json\/wp\/v2\/product_cat?post=6948"},{"taxonomy":"product_tag","embeddable":true,"href":"https:\/\/www.imaxesdaterra.com\/gl\/wp-json\/wp\/v2\/product_tag?post=6948"}],"curies":[{"name":"wp","href":"https:\/\/api.w.org\/{rel}","templated":true}]}}

Temporal Cabo Vilán

<p>Forte temporal do Atlántico que rompe contra a península do Faro de Cabo Vilán, a forza do mar abrumanos e déixanos asombrados da súa magnitude. Imaxe captada no mes de Xaneiro 2018, cos primeiros temporais do ano que anunciaban ondas de 8 metros, as cales ao romper contra as rochas afiadas gañan altura ata chegar a uns posibles 30-40 metros.</p>
<hr />
<p class="p1"><strong>Pedidos</strong></p>
<p class="p1">1. Selecciona o tamaño desexado.</p>
<p class="p1">2. Revisa os detalles dos soportes >> <span style="color: #33cccc;"> <a style="color: #33cccc;" href="https://www.imaxesdaterra.com/gal/soportes/" target="_blank" rel="noopener noreferrer"><span class="s1">VER SOPORTES</span></a></span></p>
<p class="p1">3. Selecciona o soporte que máis che guste.</p>
<p class="p1">4. Selecciona a cantidade.</p>
<p class="p1">5. Engadir ao carriño.</p>
<p class="p1"><strong>Transporte</strong></p>
<p class="p1">Revisa os detalles de transporte e impostos >> <span style="color: #33cccc;"><a style="color: #33cccc;" href="https://www.imaxesdaterra.com/gal/transporte/" target="_blank" rel="noopener noreferrer"><span class="s1">VER TRANSPORTE</span></a></span></p>

<p>Forte temporal do Atlántico que rompe contra a península do Faro de Cabo Vilán, a forza do mar abrumanos e déixanos asombrados da súa magnitude. Imaxe captada no mes de Xaneiro 2018, cos primeiros temporais do ano que anunciaban ondas de 8 metros, as cales ao romper contra as rochas afiadas gañan altura ata chegar [&hellip;]</p>
