{"id":6899,"date":"2018-01-14T12:54:06","date_gmt":"2018-01-14T12:54:12","guid":{"rendered":"https:\/\/www.imaxesdaterra.com\/?post_type=product&#038;p=6899"},"modified":"2022-03-03T17:14:44","modified_gmt":"2022-03-03T17:14:44","slug":"planeta-catedral-de-lugo","status":"publish","type":"product","link":"https:\/\/www.imaxesdaterra.com\/gl\/tenda\/planeta-catedral-de-lugo\/","title":{"rendered":"Planeta Catedral de Lugo"},"content":{"rendered":"<p>Visi\u00f3n creativa de Lugo e da s\u00faa catedral, que xunto a s\u00faa muralla forman un conxunto hist\u00f3rico e harmonioso. Anos de historia mest\u00faranse nunha \u00fanica fotograf\u00eda, o muro engloba a cidade e a Catedral que ca s\u00faa praza, forman un conxunto arquitect\u00f3nico \u00fanico.<\/p>\n<p>As fotograf\u00edas planetarias son unha nova forma de expresi\u00f3n fotogr\u00e1fica moderna, baseada na descomposici\u00f3n dunha fotograf\u00eda esf\u00e9rica.<\/p>\n<hr \/>\n<p class=\"p1\"><strong>Pedidos<\/strong><\/p>\n<p class=\"p1\">1. Selecciona o tama\u00f1o desexado.<\/p>\n<p class=\"p1\">2. Revisa os detalles dos soportes\u00a0 >> \u00a0<span style=\"color: #33cccc;\"><a style=\"color: #33cccc;\" href=\"https:\/\/www.imaxesdaterra.com\/gal\/soportes\/\" target=\"_blank\" rel=\"noopener noreferrer\"><span class=\"s1\">VER SOPORTES<\/span><\/a><\/span><\/p>\n<p class=\"p1\">3. Selecciona o soporte que m\u00e1is che guste.<\/p>\n<p class=\"p1\">4. Selecciona a cantidade.<\/p>\n<p class=\"p1\">5. Engadir ao carri\u00f1o.<\/p>\n<p class=\"p1\"><strong>Transporte<\/strong><\/p>\n<p class=\"p1\">Revisa os detalles de transporte e impostos. >>\u00a0<span style=\"color: #33cccc;\"><a style=\"color: #33cccc;\" href=\"https:\/\/www.imaxesdaterra.com\/gal\/transporte\/\" target=\"_blank\" rel=\"noopener noreferrer\"><span class=\"s1\">VER TRANSPORTE<\/span><\/a><\/span><\/p>\n","protected":false},"excerpt":{"rendered":"<p>Visi\u00f3n creativa de Lugo e da s\u00faa catedral, que xunto a s\u00faa muralla forman un conxunto hist\u00f3rico e harmonioso. Anos de historia mest\u00faranse nunha \u00fanica fotograf\u00eda, o muro engloba a cidade e a Catedral que ca s\u00faa praza, forman un conxunto arquitect\u00f3nico \u00fanico. As fotograf\u00edas planetarias son unha nova forma de expresi\u00f3n fotogr\u00e1fica moderna, baseada [&hellip;]<\/p>\n","protected":false},"featured_media":12324,"comment_status":"closed","ping_status":"closed","template":"","meta":{"jetpack_post_was_ever_published":false,"jetpack_publicize_message":"","jetpack_is_tweetstorm":false,"jetpack_publicize_feature_enabled":true,"jetpack_social_post_already_shared":true,"jetpack_social_options":{"image_generator_settings":{"template":"highway","enabled":false}}},"product_cat":[146,147,140,1306],"product_tag":[128,145],"jetpack_publicize_connections":[],"jetpack_sharing_enabled":true,"_links":{"self":[{"href":"https:\/\/www.imaxesdaterra.com\/gl\/wp-json\/wp\/v2\/product\/6899"}],"collection":[{"href":"https:\/\/www.imaxesdaterra.com\/gl\/wp-json\/wp\/v2\/product"}],"about":[{"href":"https:\/\/www.imaxesdaterra.com\/gl\/wp-json\/wp\/v2\/types\/product"}],"replies":[{"embeddable":true,"href":"https:\/\/www.imaxesdaterra.com\/gl\/wp-json\/wp\/v2\/comments?post=6899"}],"wp:featuredmedia":[{"embeddable":true,"href":"https:\/\/www.imaxesdaterra.com\/gl\/wp-json\/wp\/v2\/media\/12324"}],"wp:attachment":[{"href":"https:\/\/www.imaxesdaterra.com\/gl\/wp-json\/wp\/v2\/media?parent=6899"}],"wp:term":[{"taxonomy":"product_cat","embeddable":true,"href":"https:\/\/www.imaxesdaterra.com\/gl\/wp-json\/wp\/v2\/product_cat?post=6899"},{"taxonomy":"product_tag","embeddable":true,"href":"https:\/\/www.imaxesdaterra.com\/gl\/wp-json\/wp\/v2\/product_tag?post=6899"}],"curies":[{"name":"wp","href":"https:\/\/api.w.org\/{rel}","templated":true}]}}

<p>Visión creativa de Lugo e da súa catedral, que xunto a súa muralla forman un conxunto histórico e harmonioso. Anos de historia mestúranse nunha única fotografía, o muro engloba a cidade e a Catedral que ca súa praza, forman un conxunto arquitectónico único.</p>
<p>As fotografías planetarias son unha nova forma de expresión fotográfica moderna, baseada na descomposición dunha fotografía esférica.</p>
<hr />
<p class="p1"><strong>Pedidos</strong></p>
<p class="p1">1. Selecciona o tamaño desexado.</p>
<p class="p1">2. Revisa os detalles dos soportes  >>  <span style="color: #33cccc;"><a style="color: #33cccc;" href="https://www.imaxesdaterra.com/gal/soportes/" target="_blank" rel="noopener noreferrer"><span class="s1">VER SOPORTES</span></a></span></p>
<p class="p1">3. Selecciona o soporte que máis che guste.</p>
<p class="p1">4. Selecciona a cantidade.</p>
<p class="p1">5. Engadir ao carriño.</p>
<p class="p1"><strong>Transporte</strong></p>
<p class="p1">Revisa os detalles de transporte e impostos. >> <span style="color: #33cccc;"><a style="color: #33cccc;" href="https://www.imaxesdaterra.com/gal/transporte/" target="_blank" rel="noopener noreferrer"><span class="s1">VER TRANSPORTE</span></a></span></p>

<p>Visión creativa de Lugo e da súa catedral, que xunto a súa muralla forman un conxunto histórico e harmonioso. Anos de historia mestúranse nunha única fotografía, o muro engloba a cidade e a Catedral que ca súa praza, forman un conxunto arquitectónico único. As fotografías planetarias son unha nova forma de expresión fotográfica moderna, baseada [&hellip;]</p>
