{"id":6386,"date":"2017-12-01T08:25:16","date_gmt":"2017-12-01T08:25:22","guid":{"rendered":"https:\/\/www.imaxesdaterra.com\/?post_type=product&#038;p=6386"},"modified":"2022-03-03T17:14:20","modified_gmt":"2022-03-03T17:14:20","slug":"fieitas-de-galicia","status":"publish","type":"product","link":"https:\/\/www.imaxesdaterra.com\/gl\/tenda\/fieitas-de-galicia\/","title":{"rendered":"Fieitas de Galicia"},"content":{"rendered":"<div class=\"col_b\">\n<div class=\"textbox\">\n<div id=\"contenedor\" class=\"textarea unknown\">A natureza ch\u00e1manos coas s\u00faas exquisitas cores douradas, miles de tons nun s\u00f3 elemento que tampouco basta con observar unha soa vez. O bosque chega o outono, un espect\u00e1culo de tonalidades ocre e amarelo que brillan baixo a luz do sol. \u00c9 o sa\u00fado amable da natureza.<\/div>\n<div class=\"textarea unknown\">En Galicia todo parece m\u00e1xico. As Fieitas por exemplo, forman parte dos montes naturais de Galicia, e no outono vanse transformando en toda unha paleta de cores que rolda os verdes, amarelos, laranxas e ocres. Estes helechos co\u00f1ecidos como Fieitas son unhas das plantas m\u00e1is antigas da terra, con polo menos uns 300 mill\u00f3ns de anos desde o per\u00edodo dev\u00f3nico.<\/div>\n<\/div>\n<\/div>\n<hr \/>\n<p class=\"p1\"><strong>Pedidos<\/strong><\/p>\n<p class=\"p1\">1. Selecciona o tama\u00f1o desexado.<\/p>\n<p class=\"p1\">2. Revisa os detalles dos soportes &gt;&gt; \u00a0<span style=\"color: #33cccc;\"><a style=\"color: #33cccc;\" href=\"https:\/\/www.imaxesdaterra.com\/gal\/soportes\/\" target=\"_blank\" rel=\"noopener noreferrer\"><span class=\"s1\">VER SOPORTES<\/span><\/a><\/span><\/p>\n<p class=\"p1\">3. Selecciona o soporte que m\u00e1is che guste.<\/p>\n<p class=\"p1\">4. Selecciona a cantidade.<\/p>\n<p class=\"p1\">5. Engadir ao carri\u00f1o.<\/p>\n<p class=\"p1\"><strong>Transporte<\/strong><\/p>\n<p class=\"p1\">Revisa os detalles de transporte e impostos. &gt;&gt;\u00a0<span style=\"color: #33cccc;\"><a style=\"color: #33cccc;\" href=\"https:\/\/www.imaxesdaterra.com\/gal\/transporte\/\" target=\"_blank\" rel=\"noopener noreferrer\"><span class=\"s1\">VER TRANSPORTE<\/span><\/a><\/span><\/p>\n","protected":false},"excerpt":{"rendered":"<p>A natureza ch\u00e1manos coas s\u00faas exquisitas cores douradas, miles de tons nun s\u00f3 elemento que tampouco basta con observar unha soa vez. O bosque chega o outono, un espect\u00e1culo de tonalidades ocre e amarelo que brillan baixo a luz do sol. \u00c9 o sa\u00fado amable da natureza. En Galicia todo parece m\u00e1xico. As Fieitas por [&hellip;]<\/p>\n","protected":false},"featured_media":12458,"comment_status":"closed","ping_status":"closed","template":"","meta":{"jetpack_post_was_ever_published":false,"jetpack_publicize_message":"","jetpack_is_tweetstorm":false,"jetpack_publicize_feature_enabled":true,"jetpack_social_post_already_shared":true,"jetpack_social_options":{"image_generator_settings":{"template":"highway","enabled":false}}},"product_cat":[144],"product_tag":[128,145,155,156],"jetpack_publicize_connections":[],"jetpack_sharing_enabled":true,"_links":{"self":[{"href":"https:\/\/www.imaxesdaterra.com\/gl\/wp-json\/wp\/v2\/product\/6386"}],"collection":[{"href":"https:\/\/www.imaxesdaterra.com\/gl\/wp-json\/wp\/v2\/product"}],"about":[{"href":"https:\/\/www.imaxesdaterra.com\/gl\/wp-json\/wp\/v2\/types\/product"}],"replies":[{"embeddable":true,"href":"https:\/\/www.imaxesdaterra.com\/gl\/wp-json\/wp\/v2\/comments?post=6386"}],"wp:featuredmedia":[{"embeddable":true,"href":"https:\/\/www.imaxesdaterra.com\/gl\/wp-json\/wp\/v2\/media\/12458"}],"wp:attachment":[{"href":"https:\/\/www.imaxesdaterra.com\/gl\/wp-json\/wp\/v2\/media?parent=6386"}],"wp:term":[{"taxonomy":"product_cat","embeddable":true,"href":"https:\/\/www.imaxesdaterra.com\/gl\/wp-json\/wp\/v2\/product_cat?post=6386"},{"taxonomy":"product_tag","embeddable":true,"href":"https:\/\/www.imaxesdaterra.com\/gl\/wp-json\/wp\/v2\/product_tag?post=6386"}],"curies":[{"name":"wp","href":"https:\/\/api.w.org\/{rel}","templated":true}]}}

<div class="col_b">
<div class="textbox">
<div id="contenedor" class="textarea unknown">A natureza chámanos coas súas exquisitas cores douradas, miles de tons nun só elemento que tampouco basta con observar unha soa vez. O bosque chega o outono, un espectáculo de tonalidades ocre e amarelo que brillan baixo a luz do sol. É o saúdo amable da natureza.</div>
<div class="textarea unknown">En Galicia todo parece máxico. As Fieitas por exemplo, forman parte dos montes naturais de Galicia, e no outono vanse transformando en toda unha paleta de cores que rolda os verdes, amarelos, laranxas e ocres. Estes helechos coñecidos como Fieitas son unhas das plantas máis antigas da terra, con polo menos uns 300 millóns de anos desde o período devónico.</div>
</div>
</div>
<hr />
<p class="p1"><strong>Pedidos</strong></p>
<p class="p1">1. Selecciona o tamaño desexado.</p>
<p class="p1">2. Revisa os detalles dos soportes &gt;&gt;  <span style="color: #33cccc;"><a style="color: #33cccc;" href="https://www.imaxesdaterra.com/gal/soportes/" target="_blank" rel="noopener noreferrer"><span class="s1">VER SOPORTES</span></a></span></p>
<p class="p1">3. Selecciona o soporte que máis che guste.</p>
<p class="p1">4. Selecciona a cantidade.</p>
<p class="p1">5. Engadir ao carriño.</p>
<p class="p1"><strong>Transporte</strong></p>
<p class="p1">Revisa os detalles de transporte e impostos. &gt;&gt; <span style="color: #33cccc;"><a style="color: #33cccc;" href="https://www.imaxesdaterra.com/gal/transporte/" target="_blank" rel="noopener noreferrer"><span class="s1">VER TRANSPORTE</span></a></span></p>

<p>A natureza chámanos coas súas exquisitas cores douradas, miles de tons nun só elemento que tampouco basta con observar unha soa vez. O bosque chega o outono, un espectáculo de tonalidades ocre e amarelo que brillan baixo a luz do sol. É o saúdo amable da natureza. En Galicia todo parece máxico. As Fieitas por [&hellip;]</p>
