{"id":6343,"date":"2017-11-30T17:10:58","date_gmt":"2017-11-30T17:11:03","guid":{"rendered":"https:\/\/www.imaxesdaterra.com\/?post_type=product&#038;p=6343"},"modified":"2022-03-03T17:14:12","modified_gmt":"2022-03-03T17:14:12","slug":"claustro-dos-obispos-san-estevo-de-rivas-de-sil","status":"publish","type":"product","link":"https:\/\/www.imaxesdaterra.com\/gl\/tenda\/claustro-dos-obispos-san-estevo-de-rivas-de-sil\/","title":{"rendered":"Claustro dos Obispos &#8211; San Estevo de Rivas de Sil"},"content":{"rendered":"<p>Fotograf\u00eda do Claustro dos Bispos dentro do Mosteiro de San Estevo de Ribas de Sil. Tr\u00e1tase do claustro m\u00e1is antigo, que cumpr\u00eda a funci\u00f3n de claustro Regular ou das Procesi\u00f3ns. Situado xunto \u00e1 parede norte da igrexa coa cal se comunica, este claustro conta cunha planta rectangular de dous corpos.\u00a0\u00a0Tal e como foi concibido, tr\u00e1tase dun espazo que convida \u00e1 meditaci\u00f3n, a cami\u00f1alo en silencio. Convida a percibir a luz que o ilumina en detalle e a admirar cada pequeno co que foi dese\u00f1ado.<\/p>\n<p>Cami\u00f1alo saboreando o seu silencio e escoitando a s\u00faa luz.<\/p>\n<hr \/>\n<p class=\"p1\"><strong>Pedidos<\/strong><\/p>\n<p class=\"p1\">1. Selecciona o tama\u00f1o desexado.<\/p>\n<p class=\"p1\">2. Revisa os detalles dos soportes >> <span style=\"color: #33cccc;\">\u00a0<a style=\"color: #33cccc;\" href=\"https:\/\/www.imaxesdaterra.com\/gal\/soportes\/\" target=\"_blank\" rel=\"noopener noreferrer\"><span class=\"s1\">VER SOPORTES<\/span><\/a><\/span><\/p>\n<p class=\"p1\">3. Selecciona o soporte que m\u00e1is che guste.<\/p>\n<p class=\"p1\">4. Selecciona a cantidade.<\/p>\n<p class=\"p1\">5. Engadir ao carri\u00f1o.<\/p>\n<p class=\"p1\"><strong>Transporte<\/strong><\/p>\n<p class=\"p1\">Revisa os detalles de transporte e impostos >>\u00a0<span style=\"color: #33cccc;\"><a style=\"color: #33cccc;\" href=\"https:\/\/www.imaxesdaterra.com\/gal\/transporte\/\" target=\"_blank\" rel=\"noopener noreferrer\"><span class=\"s1\">VER TRANSPORTE<\/span><\/a><\/span><\/p>\n","protected":false},"excerpt":{"rendered":"<p>Fotograf\u00eda do Claustro dos Bispos dentro do Mosteiro de San Estevo de Ribas de Sil. Tr\u00e1tase do claustro m\u00e1is antigo, que cumpr\u00eda a funci\u00f3n de claustro Regular ou das Procesi\u00f3ns. Situado xunto \u00e1 parede norte da igrexa coa cal se comunica, este claustro conta cunha planta rectangular de dous corpos.\u00a0\u00a0Tal e como foi concibido, tr\u00e1tase [&hellip;]<\/p>\n","protected":false},"featured_media":12481,"comment_status":"closed","ping_status":"closed","template":"","meta":{"jetpack_post_was_ever_published":false,"jetpack_publicize_message":"","jetpack_is_tweetstorm":false,"jetpack_publicize_feature_enabled":true,"jetpack_social_post_already_shared":true,"jetpack_social_options":{"image_generator_settings":{"template":"highway","enabled":false}}},"product_cat":[146],"product_tag":[128,155],"jetpack_publicize_connections":[],"jetpack_sharing_enabled":true,"_links":{"self":[{"href":"https:\/\/www.imaxesdaterra.com\/gl\/wp-json\/wp\/v2\/product\/6343"}],"collection":[{"href":"https:\/\/www.imaxesdaterra.com\/gl\/wp-json\/wp\/v2\/product"}],"about":[{"href":"https:\/\/www.imaxesdaterra.com\/gl\/wp-json\/wp\/v2\/types\/product"}],"replies":[{"embeddable":true,"href":"https:\/\/www.imaxesdaterra.com\/gl\/wp-json\/wp\/v2\/comments?post=6343"}],"wp:featuredmedia":[{"embeddable":true,"href":"https:\/\/www.imaxesdaterra.com\/gl\/wp-json\/wp\/v2\/media\/12481"}],"wp:attachment":[{"href":"https:\/\/www.imaxesdaterra.com\/gl\/wp-json\/wp\/v2\/media?parent=6343"}],"wp:term":[{"taxonomy":"product_cat","embeddable":true,"href":"https:\/\/www.imaxesdaterra.com\/gl\/wp-json\/wp\/v2\/product_cat?post=6343"},{"taxonomy":"product_tag","embeddable":true,"href":"https:\/\/www.imaxesdaterra.com\/gl\/wp-json\/wp\/v2\/product_tag?post=6343"}],"curies":[{"name":"wp","href":"https:\/\/api.w.org\/{rel}","templated":true}]}}

<p>Fotografía do Claustro dos Bispos dentro do Mosteiro de San Estevo de Ribas de Sil. Trátase do claustro máis antigo, que cumpría a función de claustro Regular ou das Procesións. Situado xunto á parede norte da igrexa coa cal se comunica, este claustro conta cunha planta rectangular de dous corpos.  Tal e como foi concibido, trátase dun espazo que convida á meditación, a camiñalo en silencio. Convida a percibir a luz que o ilumina en detalle e a admirar cada pequeno co que foi deseñado.</p>
<p>Camiñalo saboreando o seu silencio e escoitando a súa luz.</p>
<hr />
<p class="p1"><strong>Pedidos</strong></p>
<p class="p1">1. Selecciona o tamaño desexado.</p>
<p class="p1">2. Revisa os detalles dos soportes >> <span style="color: #33cccc;"> <a style="color: #33cccc;" href="https://www.imaxesdaterra.com/gal/soportes/" target="_blank" rel="noopener noreferrer"><span class="s1">VER SOPORTES</span></a></span></p>
<p class="p1">3. Selecciona o soporte que máis che guste.</p>
<p class="p1">4. Selecciona a cantidade.</p>
<p class="p1">5. Engadir ao carriño.</p>
<p class="p1"><strong>Transporte</strong></p>
<p class="p1">Revisa os detalles de transporte e impostos >> <span style="color: #33cccc;"><a style="color: #33cccc;" href="https://www.imaxesdaterra.com/gal/transporte/" target="_blank" rel="noopener noreferrer"><span class="s1">VER TRANSPORTE</span></a></span></p>

<p>Fotografía do Claustro dos Bispos dentro do Mosteiro de San Estevo de Ribas de Sil. Trátase do claustro máis antigo, que cumpría a función de claustro Regular ou das Procesións. Situado xunto á parede norte da igrexa coa cal se comunica, este claustro conta cunha planta rectangular de dous corpos.  Tal e como foi concibido, trátase [&hellip;]</p>
