{"id":6208,"date":"2017-11-02T17:13:49","date_gmt":"2017-11-02T17:13:49","guid":{"rendered":"https:\/\/www.imaxesdaterra.com\/tienda\/arasolis-tourinan\/"},"modified":"2020-01-28T12:12:38","modified_gmt":"2020-01-28T12:12:38","slug":"arasolis-tourinan","status":"publish","type":"product","link":"https:\/\/www.imaxesdaterra.com\/gl\/tenda\/arasolis-tourinan\/","title":{"rendered":"Ara Solis Cabo Touri\u00f1an"},"content":{"rendered":"<p>As luces que se coan entre as nubes cargadas do atardecer, ofr\u00e9cennos unha imaxe mestra dos \u00faltimos raios do d\u00eda, os m\u00e1is tard\u00edos de Europa que caen directamente sobre o mar tranquilo de Cabo Touri\u00f1an, para fecundar todo o que tocan como conta a lenda.<\/p>\n<p>E o tranquilo repousar das ondas sobre este altar solar, l\u00e9mbrannos que ata as tormentas m\u00e1is m\u00e1xicas e impo\u00f1entes das s\u00faas costas, finalmente atopan a calma.<\/p>\n<p>Nesta imaxe chea de paz e equilibrio, mest\u00faranse dous importantes elementos naturais, unha costa tranquila que espera pola escuridade e as m\u00e1xicas cores do atardecer que se mesturan no horizonte, para inmortalizar unha das m\u00e1is belas postas de sol de Mux\u00eda en Galicia.<\/p>\n<hr \/>\n<p class=\"p1\"><strong>Pedidos<\/strong><\/p>\n<p class=\"p1\">1. Selecciona o tama\u00f1o desexado.<\/p>\n<p class=\"p1\">2. Revisa os detalles dos soportes ( L\u00e1mina,\u00a0Lenzo o Metacrilato ) >>\u00a0\u00a0<span style=\"color: #33cccc;\"><a style=\"color: #33cccc;\" href=\"http:\/\/www.imaxesdaterra.com\/gal\/soportes\/\" target=\"_blank\" rel=\"noopener noreferrer\"><span class=\"s1\">VER SOPORTES<\/span><\/a><\/span><\/p>\n<p class=\"p1\">3. Selecciona o soporte que m\u00e1is che guste.<\/p>\n<p class=\"p1\">4. Selecciona a cantidade.<\/p>\n<p class=\"p1\">5. Engadir ao carri\u00f1o.<\/p>\n<p class=\"p1\"><strong>Transporte<\/strong><\/p>\n<p class=\"p1\">Revisa os detalles de transporte e impostos. >>\u00a0<span style=\"color: #33cccc;\"><a style=\"color: #33cccc;\" href=\"http:\/\/www.imaxesdaterra.com\/gal\/transporte\/\" target=\"_blank\" rel=\"noopener noreferrer\"><span class=\"s1\">VER TRANSPORTE<\/span><\/a><\/span><\/p>\n","protected":false},"excerpt":{"rendered":"<p>As luces que se coan entre as nubes cargadas do atardecer, ofr\u00e9cennos unha imaxe mestra dos \u00faltimos raios do d\u00eda, os m\u00e1is tard\u00edos de Europa que caen directamente sobre o mar tranquilo de Cabo Touri\u00f1an, para fecundar todo o que tocan como conta a lenda. E o tranquilo repousar das ondas sobre este altar solar, [&hellip;]<\/p>\n","protected":false},"featured_media":4135,"comment_status":"closed","ping_status":"closed","template":"","meta":{"jetpack_post_was_ever_published":false,"jetpack_publicize_message":"","jetpack_is_tweetstorm":false,"jetpack_publicize_feature_enabled":true,"jetpack_social_post_already_shared":true,"jetpack_social_options":{"image_generator_settings":{"template":"highway","enabled":false}}},"product_cat":[137,139,140],"product_tag":[153,128],"jetpack_publicize_connections":[],"jetpack_sharing_enabled":true,"_links":{"self":[{"href":"https:\/\/www.imaxesdaterra.com\/gl\/wp-json\/wp\/v2\/product\/6208"}],"collection":[{"href":"https:\/\/www.imaxesdaterra.com\/gl\/wp-json\/wp\/v2\/product"}],"about":[{"href":"https:\/\/www.imaxesdaterra.com\/gl\/wp-json\/wp\/v2\/types\/product"}],"replies":[{"embeddable":true,"href":"https:\/\/www.imaxesdaterra.com\/gl\/wp-json\/wp\/v2\/comments?post=6208"}],"wp:featuredmedia":[{"embeddable":true,"href":"https:\/\/www.imaxesdaterra.com\/gl\/wp-json\/wp\/v2\/media\/4135"}],"wp:attachment":[{"href":"https:\/\/www.imaxesdaterra.com\/gl\/wp-json\/wp\/v2\/media?parent=6208"}],"wp:term":[{"taxonomy":"product_cat","embeddable":true,"href":"https:\/\/www.imaxesdaterra.com\/gl\/wp-json\/wp\/v2\/product_cat?post=6208"},{"taxonomy":"product_tag","embeddable":true,"href":"https:\/\/www.imaxesdaterra.com\/gl\/wp-json\/wp\/v2\/product_tag?post=6208"}],"curies":[{"name":"wp","href":"https:\/\/api.w.org\/{rel}","templated":true}]}}

Ara Solis Cabo Touriñan

<p>As luces que se coan entre as nubes cargadas do atardecer, ofrécennos unha imaxe mestra dos últimos raios do día, os máis tardíos de Europa que caen directamente sobre o mar tranquilo de Cabo Touriñan, para fecundar todo o que tocan como conta a lenda.</p>
<p>E o tranquilo repousar das ondas sobre este altar solar, lémbrannos que ata as tormentas máis máxicas e impoñentes das súas costas, finalmente atopan a calma.</p>
<p>Nesta imaxe chea de paz e equilibrio, mestúranse dous importantes elementos naturais, unha costa tranquila que espera pola escuridade e as máxicas cores do atardecer que se mesturan no horizonte, para inmortalizar unha das máis belas postas de sol de Muxía en Galicia.</p>
<hr />
<p class="p1"><strong>Pedidos</strong></p>
<p class="p1">1. Selecciona o tamaño desexado.</p>
<p class="p1">2. Revisa os detalles dos soportes ( Lámina, Lenzo o Metacrilato ) >>  <span style="color: #33cccc;"><a style="color: #33cccc;" href="http://www.imaxesdaterra.com/gal/soportes/" target="_blank" rel="noopener noreferrer"><span class="s1">VER SOPORTES</span></a></span></p>
<p class="p1">3. Selecciona o soporte que máis che guste.</p>
<p class="p1">4. Selecciona a cantidade.</p>
<p class="p1">5. Engadir ao carriño.</p>
<p class="p1"><strong>Transporte</strong></p>
<p class="p1">Revisa os detalles de transporte e impostos. >> <span style="color: #33cccc;"><a style="color: #33cccc;" href="http://www.imaxesdaterra.com/gal/transporte/" target="_blank" rel="noopener noreferrer"><span class="s1">VER TRANSPORTE</span></a></span></p>

<p>As luces que se coan entre as nubes cargadas do atardecer, ofrécennos unha imaxe mestra dos últimos raios do día, os máis tardíos de Europa que caen directamente sobre o mar tranquilo de Cabo Touriñan, para fecundar todo o que tocan como conta a lenda. E o tranquilo repousar das ondas sobre este altar solar, [&hellip;]</p>
