{"id":6195,"date":"2020-05-05T18:20:51","date_gmt":"2017-11-05T18:20:51","guid":{"rendered":"https:\/\/www.imaxesdaterra.com\/tienda\/faro-de-carrumeiro-chico\/"},"modified":"2022-03-03T17:04:51","modified_gmt":"2022-03-03T17:04:51","slug":"faro-de-carrumeiro-chico","status":"publish","type":"product","link":"https:\/\/www.imaxesdaterra.com\/gl\/tenda\/faro-de-carrumeiro-chico\/","title":{"rendered":"Faro de Carrumeiro Chico"},"content":{"rendered":"<p>Impacto das ondas contra o Faro de Carrumeiro Chico que rebentan e que envolven o faro. Pequena demostraci\u00f3n do temporal en Galicia. Un mar que non obedece ordes e que a\u00ednda que se pinta dunha azul inocencia, \u00e9 capaz de levalo todo ao seu paso.<\/p>\n<p>Situado na entrada da r\u00eda de Corcubi\u00f3n, at\u00f3pase o Faro de Carrumeiro Chico. A estrutura plantada no medio do mar recibe o potente impacto das ondas en d\u00edas de fortes temporais. Esta imaxe mostra o momento xusto do romper das ondas contra a s\u00faa forte estrutura, un espect\u00e1culo que se repite e rep\u00edtese.<\/p>\n<hr \/>\n<p class=\"p1\"><strong>Pedidos<\/strong><\/p>\n<p class=\"p1\">1. Selecciona o tama\u00f1o desexado.<\/p>\n<p class=\"p1\">2. Revisa os detalles dos soportes >>\u00a0\u00a0<span style=\"color: #33cccc;\"><a style=\"color: #33cccc;\" href=\"https:\/\/www.imaxesdaterra.com\/gal\/soportes\/\" target=\"_blank\" rel=\"noopener noreferrer\"><span class=\"s1\">VER SOPORTES<\/span><\/a><\/span><\/p>\n<p class=\"p1\">3. Selecciona o soporte que m\u00e1is che guste.<\/p>\n<p class=\"p1\">4. Selecciona a cantidade.<\/p>\n<p class=\"p1\">5. Engadir ao carri\u00f1o.<\/p>\n<p class=\"p1\"><strong>Transporte<\/strong><\/p>\n<p class=\"p1\">Revisa os detalles de transporte e impostos >>\u00a0<span style=\"color: #33cccc;\"><a style=\"color: #33cccc;\" href=\"https:\/\/www.imaxesdaterra.com\/gal\/transporte\/\" target=\"_blank\" rel=\"noopener noreferrer\"><span class=\"s1\">VER TRANSPORTE<\/span><\/a><\/span><\/p>\n","protected":false},"excerpt":{"rendered":"<p>Impacto das ondas contra o Faro de Carrumeiro Chico que rebentan e que envolven o faro. Pequena demostraci\u00f3n do temporal en Galicia. Un mar que non obedece ordes e que a\u00ednda que se pinta dunha azul inocencia, \u00e9 capaz de levalo todo ao seu paso. Situado na entrada da r\u00eda de Corcubi\u00f3n, at\u00f3pase o Faro [&hellip;]<\/p>\n","protected":false},"featured_media":8207,"comment_status":"closed","ping_status":"closed","template":"","meta":{"jetpack_post_was_ever_published":false,"jetpack_publicize_message":"","jetpack_is_tweetstorm":false,"jetpack_publicize_feature_enabled":true,"jetpack_social_post_already_shared":true,"jetpack_social_options":{"image_generator_settings":{"template":"highway","enabled":false}}},"product_cat":[147,138,139,140],"product_tag":[128,157],"jetpack_publicize_connections":[],"jetpack_sharing_enabled":true,"_links":{"self":[{"href":"https:\/\/www.imaxesdaterra.com\/gl\/wp-json\/wp\/v2\/product\/6195"}],"collection":[{"href":"https:\/\/www.imaxesdaterra.com\/gl\/wp-json\/wp\/v2\/product"}],"about":[{"href":"https:\/\/www.imaxesdaterra.com\/gl\/wp-json\/wp\/v2\/types\/product"}],"replies":[{"embeddable":true,"href":"https:\/\/www.imaxesdaterra.com\/gl\/wp-json\/wp\/v2\/comments?post=6195"}],"wp:featuredmedia":[{"embeddable":true,"href":"https:\/\/www.imaxesdaterra.com\/gl\/wp-json\/wp\/v2\/media\/8207"}],"wp:attachment":[{"href":"https:\/\/www.imaxesdaterra.com\/gl\/wp-json\/wp\/v2\/media?parent=6195"}],"wp:term":[{"taxonomy":"product_cat","embeddable":true,"href":"https:\/\/www.imaxesdaterra.com\/gl\/wp-json\/wp\/v2\/product_cat?post=6195"},{"taxonomy":"product_tag","embeddable":true,"href":"https:\/\/www.imaxesdaterra.com\/gl\/wp-json\/wp\/v2\/product_tag?post=6195"}],"curies":[{"name":"wp","href":"https:\/\/api.w.org\/{rel}","templated":true}]}}

<p>Impacto das ondas contra o Faro de Carrumeiro Chico que rebentan e que envolven o faro. Pequena demostración do temporal en Galicia. Un mar que non obedece ordes e que aínda que se pinta dunha azul inocencia, é capaz de levalo todo ao seu paso.</p>
<p>Situado na entrada da ría de Corcubión, atópase o Faro de Carrumeiro Chico. A estrutura plantada no medio do mar recibe o potente impacto das ondas en días de fortes temporais. Esta imaxe mostra o momento xusto do romper das ondas contra a súa forte estrutura, un espectáculo que se repite e repítese.</p>
<hr />
<p class="p1"><strong>Pedidos</strong></p>
<p class="p1">1. Selecciona o tamaño desexado.</p>
<p class="p1">2. Revisa os detalles dos soportes >>  <span style="color: #33cccc;"><a style="color: #33cccc;" href="https://www.imaxesdaterra.com/gal/soportes/" target="_blank" rel="noopener noreferrer"><span class="s1">VER SOPORTES</span></a></span></p>
<p class="p1">3. Selecciona o soporte que máis che guste.</p>
<p class="p1">4. Selecciona a cantidade.</p>
<p class="p1">5. Engadir ao carriño.</p>
<p class="p1"><strong>Transporte</strong></p>
<p class="p1">Revisa os detalles de transporte e impostos >> <span style="color: #33cccc;"><a style="color: #33cccc;" href="https://www.imaxesdaterra.com/gal/transporte/" target="_blank" rel="noopener noreferrer"><span class="s1">VER TRANSPORTE</span></a></span></p>

<p>Impacto das ondas contra o Faro de Carrumeiro Chico que rebentan e que envolven o faro. Pequena demostración do temporal en Galicia. Un mar que non obedece ordes e que aínda que se pinta dunha azul inocencia, é capaz de levalo todo ao seu paso. Situado na entrada da ría de Corcubión, atópase o Faro [&hellip;]</p>
