{"id":6013,"date":"2017-11-13T17:48:33","date_gmt":"2017-11-13T17:48:33","guid":{"rendered":"https:\/\/www.imaxesdaterra.com\/tienda\/ourense-maxico-nocturno\/"},"modified":"2019-10-06T16:54:16","modified_gmt":"2019-10-06T16:54:16","slug":"ourense-maxico-noite","status":"publish","type":"product","link":"https:\/\/www.imaxesdaterra.com\/gl\/tenda\/ourense-maxico-noite\/","title":{"rendered":"Ourense m\u00e1xico noite"},"content":{"rendered":"<p>Vista nocturna da Praza Maior de Ourense. Espect\u00e1culo de cores no ceo que van deixando atr\u00e1s os \u00faltimos vestixios do d\u00eda e que reciben a noite na cidade. Unha praza chea de movemento, de vida, de luces e aromas. Os seus habitantes re\u00fanense tranquilos para comezar unha noite chea de emoci\u00f3ns e entre o seu chan irregular at\u00f3panse os cami\u00f1os que levar\u00e1n directamente cara a aventuras.<\/p>\n<p>Unha composici\u00f3n panor\u00e1mica da vida nocturna na Praza Maior de Ourense. Edificaci\u00f3ns que resisten o paso do tempo e que convidan a entrar e a descubrir todos os tesouros deste lugar. As luces c\u00e1lidas axudan a capturar a s\u00faa esencia e dan brillo a todo o que tocan, para regalarnos a imaxe exacta do significado dunha noite chea de posibilidades en Galicia.<\/p>\n<hr \/>\n<p class=\"p1\"><strong>Pedidos<\/strong><\/p>\n<p class=\"p1\">1. Selecciona o tama\u00f1o desexado.<\/p>\n<p class=\"p1\">2. Revisa os detalles dos soportes ( L\u00e1mina, Lenzo o Metacrilato ) >>\u00a0<span style=\"color: #33cccc;\">\u00a0<a style=\"color: #33cccc;\" href=\"http:\/\/www.imaxesdaterra.com\/gal\/soportes\/\" target=\"_blank\" rel=\"noopener noreferrer\"><span class=\"s1\">VER SOPORTES<\/span><\/a><\/span><\/p>\n<p class=\"p1\">3. Selecciona o soporte que m\u00e1is che guste.<\/p>\n<p class=\"p1\">4. Selecciona a cantidade.<\/p>\n<p class=\"p1\">5. Engadir ao carri\u00f1o.<\/p>\n<p class=\"p1\"><strong>Transporte<\/strong><\/p>\n<p class=\"p1\">Revisa os detalles de transporte e impostos. >>\u00a0<span style=\"color: #33cccc;\"><a style=\"color: #33cccc;\" href=\"http:\/\/www.imaxesdaterra.com\/gal\/transporte\/\" target=\"_blank\" rel=\"noopener noreferrer\"><span class=\"s1\">VER TRANSPORTE<\/span><\/a><\/span><\/p>\n","protected":false},"excerpt":{"rendered":"<p>Vista nocturna da Praza Maior de Ourense. Espect\u00e1culo de cores no ceo que van deixando atr\u00e1s os \u00faltimos vestixios do d\u00eda e que reciben a noite na cidade. Unha praza chea de movemento, de vida, de luces e aromas. Os seus habitantes re\u00fanense tranquilos para comezar unha noite chea de emoci\u00f3ns e entre o seu [&hellip;]<\/p>\n","protected":false},"featured_media":4356,"comment_status":"closed","ping_status":"closed","template":"","meta":{"jetpack_post_was_ever_published":false,"jetpack_publicize_message":"","jetpack_is_tweetstorm":false,"jetpack_publicize_feature_enabled":true,"jetpack_social_post_already_shared":true,"jetpack_social_options":{"image_generator_settings":{"template":"highway","enabled":false}}},"product_cat":[146],"product_tag":[128,155],"jetpack_publicize_connections":[],"jetpack_sharing_enabled":true,"_links":{"self":[{"href":"https:\/\/www.imaxesdaterra.com\/gl\/wp-json\/wp\/v2\/product\/6013"}],"collection":[{"href":"https:\/\/www.imaxesdaterra.com\/gl\/wp-json\/wp\/v2\/product"}],"about":[{"href":"https:\/\/www.imaxesdaterra.com\/gl\/wp-json\/wp\/v2\/types\/product"}],"replies":[{"embeddable":true,"href":"https:\/\/www.imaxesdaterra.com\/gl\/wp-json\/wp\/v2\/comments?post=6013"}],"wp:featuredmedia":[{"embeddable":true,"href":"https:\/\/www.imaxesdaterra.com\/gl\/wp-json\/wp\/v2\/media\/4356"}],"wp:attachment":[{"href":"https:\/\/www.imaxesdaterra.com\/gl\/wp-json\/wp\/v2\/media?parent=6013"}],"wp:term":[{"taxonomy":"product_cat","embeddable":true,"href":"https:\/\/www.imaxesdaterra.com\/gl\/wp-json\/wp\/v2\/product_cat?post=6013"},{"taxonomy":"product_tag","embeddable":true,"href":"https:\/\/www.imaxesdaterra.com\/gl\/wp-json\/wp\/v2\/product_tag?post=6013"}],"curies":[{"name":"wp","href":"https:\/\/api.w.org\/{rel}","templated":true}]}}

Ourense máxico noite

<p>Vista nocturna da Praza Maior de Ourense. Espectáculo de cores no ceo que van deixando atrás os últimos vestixios do día e que reciben a noite na cidade. Unha praza chea de movemento, de vida, de luces e aromas. Os seus habitantes reúnense tranquilos para comezar unha noite chea de emocións e entre o seu chan irregular atópanse os camiños que levarán directamente cara a aventuras.</p>
<p>Unha composición panorámica da vida nocturna na Praza Maior de Ourense. Edificacións que resisten o paso do tempo e que convidan a entrar e a descubrir todos os tesouros deste lugar. As luces cálidas axudan a capturar a súa esencia e dan brillo a todo o que tocan, para regalarnos a imaxe exacta do significado dunha noite chea de posibilidades en Galicia.</p>
<hr />
<p class="p1"><strong>Pedidos</strong></p>
<p class="p1">1. Selecciona o tamaño desexado.</p>
<p class="p1">2. Revisa os detalles dos soportes ( Lámina, Lenzo o Metacrilato ) >> <span style="color: #33cccc;"> <a style="color: #33cccc;" href="http://www.imaxesdaterra.com/gal/soportes/" target="_blank" rel="noopener noreferrer"><span class="s1">VER SOPORTES</span></a></span></p>
<p class="p1">3. Selecciona o soporte que máis che guste.</p>
<p class="p1">4. Selecciona a cantidade.</p>
<p class="p1">5. Engadir ao carriño.</p>
<p class="p1"><strong>Transporte</strong></p>
<p class="p1">Revisa os detalles de transporte e impostos. >> <span style="color: #33cccc;"><a style="color: #33cccc;" href="http://www.imaxesdaterra.com/gal/transporte/" target="_blank" rel="noopener noreferrer"><span class="s1">VER TRANSPORTE</span></a></span></p>

<p>Vista nocturna da Praza Maior de Ourense. Espectáculo de cores no ceo que van deixando atrás os últimos vestixios do día e que reciben a noite na cidade. Unha praza chea de movemento, de vida, de luces e aromas. Os seus habitantes reúnense tranquilos para comezar unha noite chea de emocións e entre o seu [&hellip;]</p>
