{"id":5597,"date":"2017-11-16T18:41:38","date_gmt":"2017-11-16T18:41:38","guid":{"rendered":"https:\/\/www.imaxesdaterra.com\/tienda\/festa-de-castro-landin-2\/"},"modified":"2022-03-03T17:07:08","modified_gmt":"2022-03-03T17:07:08","slug":"festa-de-castro-landin-2","status":"publish","type":"product","link":"https:\/\/www.imaxesdaterra.com\/gl\/tenda\/festa-de-castro-landin-2\/","title":{"rendered":"Festa de Castro Landin en Cuntis 2"},"content":{"rendered":"<p>Reunidos ante o lume celebran a Noite de San Juan. Luces que iluminan, lume que purifica e que baila a trav\u00e9s da brisa de ver\u00e1n, no Castro situado preto de Cuntis. Tradici\u00f3n, ritual e celebraci\u00f3n.<\/p>\n<p>Festa Castro Land\u00edn nun dos m\u00e1is antigos castros de Galicia. Situado preto de Cuntis en Pontevedra, cada 23 de xu\u00f1o a s\u00faa comunidade celebra un dos rituais galegos e pag\u00e1ns colectivos m\u00e1is fermosos de todos. leva a cabo o aceso dunha fogueira con 52 fachos de 7 pi\u00f1as cada unha, en representaci\u00f3n das 52 semanas do ano e os 7 d\u00edas da semana, xusto na noite de solsticio de ver\u00e1n.<\/p>\n<hr \/>\n<p class=\"p1\"><strong>Pedidos<\/strong><\/p>\n<p class=\"p1\">1. Selecciona o tama\u00f1o desexado.<\/p>\n<p class=\"p1\">2. Revisa os detalles dos soportes ( L\u00e1mina, Lenzo o Metacrilato ) >>\u00a0\u00a0<span style=\"color: #33cccc;\"><a style=\"color: #33cccc;\" href=\"http:\/\/www.imaxesdaterra.com\/gal\/soportes\/\" target=\"_blank\" rel=\"noopener noreferrer\"><span class=\"s1\">VER SOPORTES<\/span><\/a><\/span><\/p>\n<p class=\"p1\">3. Selecciona o soporte que m\u00e1is che guste.<\/p>\n<p class=\"p1\">4. Selecciona a cantidade.<\/p>\n<p class=\"p1\">5. Engadir ao carri\u00f1o.<\/p>\n<p class=\"p1\"><strong>Transporte<\/strong><\/p>\n<p class=\"p1\">Revisa os detalles de transporte e impostos. >>\u00a0<span style=\"color: #33cccc;\"><a style=\"color: #33cccc;\" href=\"http:\/\/www.imaxesdaterra.com\/gal\/transporte\/\" target=\"_blank\" rel=\"noopener noreferrer\"><span class=\"s1\">VER TRANSPORTE<\/span><\/a><\/span><\/p>\n","protected":false},"excerpt":{"rendered":"<p>Reunidos ante o lume celebran a Noite de San Juan. Luces que iluminan, lume que purifica e que baila a trav\u00e9s da brisa de ver\u00e1n, no Castro situado preto de Cuntis. Tradici\u00f3n, ritual e celebraci\u00f3n. Festa Castro Land\u00edn nun dos m\u00e1is antigos castros de Galicia. Situado preto de Cuntis en Pontevedra, cada 23 de xu\u00f1o [&hellip;]<\/p>\n","protected":false},"featured_media":4241,"comment_status":"closed","ping_status":"closed","template":"","meta":{"jetpack_post_was_ever_published":false,"jetpack_publicize_message":"","jetpack_is_tweetstorm":false,"jetpack_publicize_feature_enabled":true,"jetpack_social_post_already_shared":true,"jetpack_social_options":{"image_generator_settings":{"template":"highway","enabled":false}}},"product_cat":[126],"product_tag":[153,128],"jetpack_publicize_connections":[],"jetpack_sharing_enabled":true,"_links":{"self":[{"href":"https:\/\/www.imaxesdaterra.com\/gl\/wp-json\/wp\/v2\/product\/5597"}],"collection":[{"href":"https:\/\/www.imaxesdaterra.com\/gl\/wp-json\/wp\/v2\/product"}],"about":[{"href":"https:\/\/www.imaxesdaterra.com\/gl\/wp-json\/wp\/v2\/types\/product"}],"replies":[{"embeddable":true,"href":"https:\/\/www.imaxesdaterra.com\/gl\/wp-json\/wp\/v2\/comments?post=5597"}],"wp:featuredmedia":[{"embeddable":true,"href":"https:\/\/www.imaxesdaterra.com\/gl\/wp-json\/wp\/v2\/media\/4241"}],"wp:attachment":[{"href":"https:\/\/www.imaxesdaterra.com\/gl\/wp-json\/wp\/v2\/media?parent=5597"}],"wp:term":[{"taxonomy":"product_cat","embeddable":true,"href":"https:\/\/www.imaxesdaterra.com\/gl\/wp-json\/wp\/v2\/product_cat?post=5597"},{"taxonomy":"product_tag","embeddable":true,"href":"https:\/\/www.imaxesdaterra.com\/gl\/wp-json\/wp\/v2\/product_tag?post=5597"}],"curies":[{"name":"wp","href":"https:\/\/api.w.org\/{rel}","templated":true}]}}

<p>Reunidos ante o lume celebran a Noite de San Juan. Luces que iluminan, lume que purifica e que baila a través da brisa de verán, no Castro situado preto de Cuntis. Tradición, ritual e celebración.</p>
<p>Festa Castro Landín nun dos máis antigos castros de Galicia. Situado preto de Cuntis en Pontevedra, cada 23 de xuño a súa comunidade celebra un dos rituais galegos e pagáns colectivos máis fermosos de todos. leva a cabo o aceso dunha fogueira con 52 fachos de 7 piñas cada unha, en representación das 52 semanas do ano e os 7 días da semana, xusto na noite de solsticio de verán.</p>
<hr />
<p class="p1"><strong>Pedidos</strong></p>
<p class="p1">1. Selecciona o tamaño desexado.</p>
<p class="p1">2. Revisa os detalles dos soportes ( Lámina, Lenzo o Metacrilato ) >>  <span style="color: #33cccc;"><a style="color: #33cccc;" href="http://www.imaxesdaterra.com/gal/soportes/" target="_blank" rel="noopener noreferrer"><span class="s1">VER SOPORTES</span></a></span></p>
<p class="p1">3. Selecciona o soporte que máis che guste.</p>
<p class="p1">4. Selecciona a cantidade.</p>
<p class="p1">5. Engadir ao carriño.</p>
<p class="p1"><strong>Transporte</strong></p>
<p class="p1">Revisa os detalles de transporte e impostos. >> <span style="color: #33cccc;"><a style="color: #33cccc;" href="http://www.imaxesdaterra.com/gal/transporte/" target="_blank" rel="noopener noreferrer"><span class="s1">VER TRANSPORTE</span></a></span></p>

<p>Reunidos ante o lume celebran a Noite de San Juan. Luces que iluminan, lume que purifica e que baila a través da brisa de verán, no Castro situado preto de Cuntis. Tradición, ritual e celebración. Festa Castro Landín nun dos máis antigos castros de Galicia. Situado preto de Cuntis en Pontevedra, cada 23 de xuño [&hellip;]</p>
