{"id":5571,"date":"2017-11-14T07:05:03","date_gmt":"2017-11-14T07:05:03","guid":{"rendered":"https:\/\/www.imaxesdaterra.com\/tienda\/festa-do-boi-de-allariz\/"},"modified":"2019-10-07T14:15:38","modified_gmt":"2019-10-07T14:15:38","slug":"festa-do-boi-de-allariz","status":"publish","type":"product","link":"https:\/\/www.imaxesdaterra.com\/gl\/tenda\/festa-do-boi-de-allariz\/","title":{"rendered":"Festa do Boi de Allariz"},"content":{"rendered":"<p>Al\u00e1 van correndo \u00e1 celebraci\u00f3n. Movemento, multitude, festa e alegr\u00eda \u00e9 o que se respira no aire. Boi de Allariz coas s\u00faas cores nesta celebraci\u00f3n baixo un fermoso ceo de ver\u00e1n en Galicia. Os balc\u00f3ns v\u00edstense de gala e cada recuncho do pobo \u00e9 unha posibilidade nova de descubrir historias, tradici\u00f3ns e aventuras.<\/p>\n<p>700 anos celebra a festa de Boi Allariz. Celebraci\u00f3n e festa de interese tur\u00edstico que deixa tras de si unha fermosa historia e que todos os anos a comezo de xu\u00f1o cel\u00e9brase. Nesta imaxe capturouse toda a cor e os movementos de quen acudiu a contemplala. Unha fotograf\u00eda capturada en formato s\u00faper panor\u00e1mico desde o balc\u00f3n do Concello.<\/p>\n<hr \/>\n<p class=\"p1\"><strong>Pedidos<\/strong><\/p>\n<p class=\"p1\">1. Selecciona o tama\u00f1o desexado.<\/p>\n<p class=\"p1\">2. Revisa os detalles dos soportes ( L\u00e1mina, Lenzo o Metacrilato ) >>\u00a0\u00a0<span style=\"color: #33cccc;\"><a style=\"color: #33cccc;\" href=\"http:\/\/www.imaxesdaterra.com\/gal\/soportes\/\" target=\"_blank\" rel=\"noopener noreferrer\"><span class=\"s1\">VER SOPORTES<\/span><\/a><\/span><\/p>\n<p class=\"p1\">3. Selecciona o soporte que m\u00e1is che guste.<\/p>\n<p class=\"p1\">4. Selecciona a cantidade.<\/p>\n<p class=\"p1\">5. Engadir ao carri\u00f1o.<\/p>\n<p class=\"p1\"><strong>Transporte<\/strong><\/p>\n<p class=\"p1\">Revisa os detalles de transporte e impostos. >>\u00a0<span style=\"color: #33cccc;\"><a style=\"color: #33cccc;\" href=\"http:\/\/www.imaxesdaterra.com\/gal\/transporte\/\" target=\"_blank\" rel=\"noopener noreferrer\"><span class=\"s1\">VER TRANSPORTE<\/span><\/a><\/span><\/p>\n","protected":false},"excerpt":{"rendered":"<p>Al\u00e1 van correndo \u00e1 celebraci\u00f3n. Movemento, multitude, festa e alegr\u00eda \u00e9 o que se respira no aire. Boi de Allariz coas s\u00faas cores nesta celebraci\u00f3n baixo un fermoso ceo de ver\u00e1n en Galicia. Os balc\u00f3ns v\u00edstense de gala e cada recuncho do pobo \u00e9 unha posibilidade nova de descubrir historias, tradici\u00f3ns e aventuras. 700 anos [&hellip;]<\/p>\n","protected":false},"featured_media":4463,"comment_status":"closed","ping_status":"closed","template":"","meta":{"jetpack_post_was_ever_published":false,"jetpack_publicize_message":"","jetpack_is_tweetstorm":false,"jetpack_publicize_feature_enabled":true,"jetpack_social_post_already_shared":true,"jetpack_social_options":{"image_generator_settings":{"template":"highway","enabled":false}}},"product_cat":[126],"product_tag":[128,155],"jetpack_publicize_connections":[],"jetpack_sharing_enabled":true,"_links":{"self":[{"href":"https:\/\/www.imaxesdaterra.com\/gl\/wp-json\/wp\/v2\/product\/5571"}],"collection":[{"href":"https:\/\/www.imaxesdaterra.com\/gl\/wp-json\/wp\/v2\/product"}],"about":[{"href":"https:\/\/www.imaxesdaterra.com\/gl\/wp-json\/wp\/v2\/types\/product"}],"replies":[{"embeddable":true,"href":"https:\/\/www.imaxesdaterra.com\/gl\/wp-json\/wp\/v2\/comments?post=5571"}],"wp:featuredmedia":[{"embeddable":true,"href":"https:\/\/www.imaxesdaterra.com\/gl\/wp-json\/wp\/v2\/media\/4463"}],"wp:attachment":[{"href":"https:\/\/www.imaxesdaterra.com\/gl\/wp-json\/wp\/v2\/media?parent=5571"}],"wp:term":[{"taxonomy":"product_cat","embeddable":true,"href":"https:\/\/www.imaxesdaterra.com\/gl\/wp-json\/wp\/v2\/product_cat?post=5571"},{"taxonomy":"product_tag","embeddable":true,"href":"https:\/\/www.imaxesdaterra.com\/gl\/wp-json\/wp\/v2\/product_tag?post=5571"}],"curies":[{"name":"wp","href":"https:\/\/api.w.org\/{rel}","templated":true}]}}

<p>Alá van correndo á celebración. Movemento, multitude, festa e alegría é o que se respira no aire. Boi de Allariz coas súas cores nesta celebración baixo un fermoso ceo de verán en Galicia. Os balcóns vístense de gala e cada recuncho do pobo é unha posibilidade nova de descubrir historias, tradicións e aventuras.</p>
<p>700 anos celebra a festa de Boi Allariz. Celebración e festa de interese turístico que deixa tras de si unha fermosa historia e que todos os anos a comezo de xuño celébrase. Nesta imaxe capturouse toda a cor e os movementos de quen acudiu a contemplala. Unha fotografía capturada en formato súper panorámico desde o balcón do Concello.</p>
<hr />
<p class="p1"><strong>Pedidos</strong></p>
<p class="p1">1. Selecciona o tamaño desexado.</p>
<p class="p1">2. Revisa os detalles dos soportes ( Lámina, Lenzo o Metacrilato ) >>  <span style="color: #33cccc;"><a style="color: #33cccc;" href="http://www.imaxesdaterra.com/gal/soportes/" target="_blank" rel="noopener noreferrer"><span class="s1">VER SOPORTES</span></a></span></p>
<p class="p1">3. Selecciona o soporte que máis che guste.</p>
<p class="p1">4. Selecciona a cantidade.</p>
<p class="p1">5. Engadir ao carriño.</p>
<p class="p1"><strong>Transporte</strong></p>
<p class="p1">Revisa os detalles de transporte e impostos. >> <span style="color: #33cccc;"><a style="color: #33cccc;" href="http://www.imaxesdaterra.com/gal/transporte/" target="_blank" rel="noopener noreferrer"><span class="s1">VER TRANSPORTE</span></a></span></p>

<p>Alá van correndo á celebración. Movemento, multitude, festa e alegría é o que se respira no aire. Boi de Allariz coas súas cores nesta celebración baixo un fermoso ceo de verán en Galicia. Os balcóns vístense de gala e cada recuncho do pobo é unha posibilidade nova de descubrir historias, tradicións e aventuras. 700 anos [&hellip;]</p>
