{"id":5493,"date":"2017-11-17T08:30:55","date_gmt":"2017-11-17T08:30:55","guid":{"rendered":"https:\/\/www.imaxesdaterra.com\/tienda\/acantilados-de-meiras-valdovino\/"},"modified":"2022-03-03T17:07:32","modified_gmt":"2022-03-03T17:07:32","slug":"acantilados-de-meiras-valdovino","status":"publish","type":"product","link":"https:\/\/www.imaxesdaterra.com\/gl\/tenda\/acantilados-de-meiras-valdovino\/","title":{"rendered":"Acantilados de Meir\u00e1s"},"content":{"rendered":"<p>Forte temporal azouta a costa. Os cant\u00eds de Meir\u00e1s impo\u00f1entes e duros contra as ondas se reh\u00fasan a compracer os caprichos do mar. E este como resposta lame unha e outra vez a superficie das rocas como escuma furiosa, as mesmas que durante anos e anos permaneceron en p\u00e9 sendo testemu\u00f1as dos queixumes do mar.<\/p>\n<p>No centro a Ermida d\u00e1 Virxen do Porto parece refuxiarse no m\u00e1is alto, e detr\u00e1s dos cant\u00eds div\u00edsase un mar difuminado entre a bruma. Os Cant\u00eds de Meir\u00e1s en Valdovi\u00f1o un d\u00eda de temporal. Desde este punto p\u00f3dese apreciar a Ermida d\u00e1 Virxen do Porto. No horizonte unha formaci\u00f3n rochosa que corta o mar. Unha imaxe que demostra que ata os d\u00edas m\u00e1is escuros e tormentosos son un verdadeiro espect\u00e1culo natural en Galicia.<\/p>\n<hr \/>\n<p class=\"p1\"><strong>Pedidos<\/strong><\/p>\n<p class=\"p1\">1. Selecciona o tama\u00f1o desexado.<\/p>\n<p class=\"p1\">2. Revisa os detalles dos soportes ( L\u00e1mina, Lenzo o Metacrilato ) >>\u00a0\u00a0<span style=\"color: #33cccc;\"><a style=\"color: #33cccc;\" href=\"http:\/\/www.imaxesdaterra.com\/gal\/soportes\/\" target=\"_blank\" rel=\"noopener noreferrer\"><span class=\"s1\">VER SOPORTES<\/span><\/a><\/span><\/p>\n<p class=\"p1\">3. Selecciona o soporte que m\u00e1is che guste.<\/p>\n<p class=\"p1\">4. Selecciona a cantidade.<\/p>\n<p class=\"p1\">5. Engadir ao carri\u00f1o.<\/p>\n<p class=\"p1\"><strong>Transporte<\/strong><\/p>\n<p class=\"p1\">Revisa os detalles de transporte e impostos. >>\u00a0<span style=\"color: #33cccc;\"><a style=\"color: #33cccc;\" href=\"http:\/\/www.imaxesdaterra.com\/gal\/transporte\/\" target=\"_blank\" rel=\"noopener noreferrer\"><span class=\"s1\">VER TRANSPORTE<\/span><\/a><\/span><\/p>\n","protected":false},"excerpt":{"rendered":"<p>Forte temporal azouta a costa. Os cant\u00eds de Meir\u00e1s impo\u00f1entes e duros contra as ondas se reh\u00fasan a compracer os caprichos do mar. E este como resposta lame unha e outra vez a superficie das rocas como escuma furiosa, as mesmas que durante anos e anos permaneceron en p\u00e9 sendo testemu\u00f1as dos queixumes do mar. [&hellip;]<\/p>\n","protected":false},"featured_media":4384,"comment_status":"closed","ping_status":"closed","template":"","meta":{"jetpack_post_was_ever_published":false,"jetpack_publicize_message":"","jetpack_is_tweetstorm":false,"jetpack_publicize_feature_enabled":true,"jetpack_social_post_already_shared":true,"jetpack_social_options":{"image_generator_settings":{"template":"highway","enabled":false}}},"product_cat":[147,139],"product_tag":[153,128],"jetpack_publicize_connections":[],"jetpack_sharing_enabled":true,"_links":{"self":[{"href":"https:\/\/www.imaxesdaterra.com\/gl\/wp-json\/wp\/v2\/product\/5493"}],"collection":[{"href":"https:\/\/www.imaxesdaterra.com\/gl\/wp-json\/wp\/v2\/product"}],"about":[{"href":"https:\/\/www.imaxesdaterra.com\/gl\/wp-json\/wp\/v2\/types\/product"}],"replies":[{"embeddable":true,"href":"https:\/\/www.imaxesdaterra.com\/gl\/wp-json\/wp\/v2\/comments?post=5493"}],"wp:featuredmedia":[{"embeddable":true,"href":"https:\/\/www.imaxesdaterra.com\/gl\/wp-json\/wp\/v2\/media\/4384"}],"wp:attachment":[{"href":"https:\/\/www.imaxesdaterra.com\/gl\/wp-json\/wp\/v2\/media?parent=5493"}],"wp:term":[{"taxonomy":"product_cat","embeddable":true,"href":"https:\/\/www.imaxesdaterra.com\/gl\/wp-json\/wp\/v2\/product_cat?post=5493"},{"taxonomy":"product_tag","embeddable":true,"href":"https:\/\/www.imaxesdaterra.com\/gl\/wp-json\/wp\/v2\/product_tag?post=5493"}],"curies":[{"name":"wp","href":"https:\/\/api.w.org\/{rel}","templated":true}]}}

Acantilados de Meirás

<p>Forte temporal azouta a costa. Os cantís de Meirás impoñentes e duros contra as ondas se rehúsan a compracer os caprichos do mar. E este como resposta lame unha e outra vez a superficie das rocas como escuma furiosa, as mesmas que durante anos e anos permaneceron en pé sendo testemuñas dos queixumes do mar.</p>
<p>No centro a Ermida dá Virxen do Porto parece refuxiarse no máis alto, e detrás dos cantís divísase un mar difuminado entre a bruma. Os Cantís de Meirás en Valdoviño un día de temporal. Desde este punto pódese apreciar a Ermida dá Virxen do Porto. No horizonte unha formación rochosa que corta o mar. Unha imaxe que demostra que ata os días máis escuros e tormentosos son un verdadeiro espectáculo natural en Galicia.</p>
<hr />
<p class="p1"><strong>Pedidos</strong></p>
<p class="p1">1. Selecciona o tamaño desexado.</p>
<p class="p1">2. Revisa os detalles dos soportes ( Lámina, Lenzo o Metacrilato ) >>  <span style="color: #33cccc;"><a style="color: #33cccc;" href="http://www.imaxesdaterra.com/gal/soportes/" target="_blank" rel="noopener noreferrer"><span class="s1">VER SOPORTES</span></a></span></p>
<p class="p1">3. Selecciona o soporte que máis che guste.</p>
<p class="p1">4. Selecciona a cantidade.</p>
<p class="p1">5. Engadir ao carriño.</p>
<p class="p1"><strong>Transporte</strong></p>
<p class="p1">Revisa os detalles de transporte e impostos. >> <span style="color: #33cccc;"><a style="color: #33cccc;" href="http://www.imaxesdaterra.com/gal/transporte/" target="_blank" rel="noopener noreferrer"><span class="s1">VER TRANSPORTE</span></a></span></p>

<p>Forte temporal azouta a costa. Os cantís de Meirás impoñentes e duros contra as ondas se rehúsan a compracer os caprichos do mar. E este como resposta lame unha e outra vez a superficie das rocas como escuma furiosa, as mesmas que durante anos e anos permaneceron en pé sendo testemuñas dos queixumes do mar. [&hellip;]</p>
