{"id":5335,"date":"2017-11-17T09:47:48","date_gmt":"2017-11-17T09:47:48","guid":{"rendered":"https:\/\/www.imaxesdaterra.com\/tienda\/mar-de-muxia\/"},"modified":"2022-03-03T17:08:43","modified_gmt":"2022-03-03T17:08:43","slug":"mar-de-muxia","status":"publish","type":"product","link":"https:\/\/www.imaxesdaterra.com\/gl\/tenda\/mar-de-muxia\/","title":{"rendered":"Mar de Mux\u00eda"},"content":{"rendered":"<p>Fotograf\u00eda dun d\u00eda de tormenta na Costa de Muxia. As ondas como forza imparable rompen contra a beira, en busca de tocalo e purificarlo todo. Na crista pequenos bucles vanse envolvendo e sobre elas, a escuma parece difuminarse co vento que sopra fortemente nun d\u00eda de temporal.<\/p>\n<p>Mar de Muxia vivo, bravo e cheo de vitalidade. Cores fortes, azuis e verdes que se mesturan nun fr\u00edo mar. Detr\u00e1s, a costa rochosa impr\u00e9gnase desa humidade de mar. A tormenta alcanzou a beira e b\u00e1tese furiosa onda tras onda sobre a superficie do mar.<\/p>\n<hr \/>\n<p class=\"p1\"><strong>Pedidos<\/strong><\/p>\n<p class=\"p1\">1. Selecciona o tama\u00f1o desexado.<\/p>\n<p class=\"p1\">2. Revisa os detalles dos soportes ( FineArt, Lenzo o Metacrilato ) >>\u00a0\u00a0<span style=\"color: #33cccc;\"><a style=\"color: #33cccc;\" href=\"http:\/\/www.imaxesdaterra.com\/gal\/soportes\/\" target=\"_blank\" rel=\"noopener noreferrer\"><span class=\"s1\">VER SOPORTES<\/span><\/a><\/span><\/p>\n<p class=\"p1\">3. Selecciona o soporte que m\u00e1is che guste.<\/p>\n<p class=\"p1\">4. Selecciona a cantidade.<\/p>\n<p class=\"p1\">5. Engadir ao carri\u00f1o.<\/p>\n<p class=\"p1\"><strong>Transporte<\/strong><\/p>\n<p class=\"p1\">Revisa os detalles de transporte e impostos. >>\u00a0<span style=\"color: #33cccc;\"><a style=\"color: #33cccc;\" href=\"http:\/\/www.imaxesdaterra.com\/gal\/transporte\/\" target=\"_blank\" rel=\"noopener noreferrer\"><span class=\"s1\">VER TRANSPORTE<\/span><\/a><\/span><\/p>\n","protected":false},"excerpt":{"rendered":"<p>Fotograf\u00eda dun d\u00eda de tormenta na Costa de Muxia. As ondas como forza imparable rompen contra a beira, en busca de tocalo e purificarlo todo. Na crista pequenos bucles vanse envolvendo e sobre elas, a escuma parece difuminarse co vento que sopra fortemente nun d\u00eda de temporal. Mar de Muxia vivo, bravo e cheo de [&hellip;]<\/p>\n","protected":false},"featured_media":4452,"comment_status":"closed","ping_status":"closed","template":"","meta":{"jetpack_post_was_ever_published":false,"jetpack_publicize_message":"","jetpack_is_tweetstorm":false,"jetpack_publicize_feature_enabled":true,"jetpack_social_post_already_shared":true,"jetpack_social_options":{"image_generator_settings":{"template":"highway","enabled":false}}},"product_cat":[139,144],"product_tag":[153,128],"jetpack_publicize_connections":[],"jetpack_sharing_enabled":true,"_links":{"self":[{"href":"https:\/\/www.imaxesdaterra.com\/gl\/wp-json\/wp\/v2\/product\/5335"}],"collection":[{"href":"https:\/\/www.imaxesdaterra.com\/gl\/wp-json\/wp\/v2\/product"}],"about":[{"href":"https:\/\/www.imaxesdaterra.com\/gl\/wp-json\/wp\/v2\/types\/product"}],"replies":[{"embeddable":true,"href":"https:\/\/www.imaxesdaterra.com\/gl\/wp-json\/wp\/v2\/comments?post=5335"}],"wp:featuredmedia":[{"embeddable":true,"href":"https:\/\/www.imaxesdaterra.com\/gl\/wp-json\/wp\/v2\/media\/4452"}],"wp:attachment":[{"href":"https:\/\/www.imaxesdaterra.com\/gl\/wp-json\/wp\/v2\/media?parent=5335"}],"wp:term":[{"taxonomy":"product_cat","embeddable":true,"href":"https:\/\/www.imaxesdaterra.com\/gl\/wp-json\/wp\/v2\/product_cat?post=5335"},{"taxonomy":"product_tag","embeddable":true,"href":"https:\/\/www.imaxesdaterra.com\/gl\/wp-json\/wp\/v2\/product_tag?post=5335"}],"curies":[{"name":"wp","href":"https:\/\/api.w.org\/{rel}","templated":true}]}}

Mar de Muxía

<p>Fotografía dun día de tormenta na Costa de Muxia. As ondas como forza imparable rompen contra a beira, en busca de tocalo e purificarlo todo. Na crista pequenos bucles vanse envolvendo e sobre elas, a escuma parece difuminarse co vento que sopra fortemente nun día de temporal.</p>
<p>Mar de Muxia vivo, bravo e cheo de vitalidade. Cores fortes, azuis e verdes que se mesturan nun frío mar. Detrás, a costa rochosa imprégnase desa humidade de mar. A tormenta alcanzou a beira e bátese furiosa onda tras onda sobre a superficie do mar.</p>
<hr />
<p class="p1"><strong>Pedidos</strong></p>
<p class="p1">1. Selecciona o tamaño desexado.</p>
<p class="p1">2. Revisa os detalles dos soportes ( FineArt, Lenzo o Metacrilato ) >>  <span style="color: #33cccc;"><a style="color: #33cccc;" href="http://www.imaxesdaterra.com/gal/soportes/" target="_blank" rel="noopener noreferrer"><span class="s1">VER SOPORTES</span></a></span></p>
<p class="p1">3. Selecciona o soporte que máis che guste.</p>
<p class="p1">4. Selecciona a cantidade.</p>
<p class="p1">5. Engadir ao carriño.</p>
<p class="p1"><strong>Transporte</strong></p>
<p class="p1">Revisa os detalles de transporte e impostos. >> <span style="color: #33cccc;"><a style="color: #33cccc;" href="http://www.imaxesdaterra.com/gal/transporte/" target="_blank" rel="noopener noreferrer"><span class="s1">VER TRANSPORTE</span></a></span></p>

<p>Fotografía dun día de tormenta na Costa de Muxia. As ondas como forza imparable rompen contra a beira, en busca de tocalo e purificarlo todo. Na crista pequenos bucles vanse envolvendo e sobre elas, a escuma parece difuminarse co vento que sopra fortemente nun día de temporal. Mar de Muxia vivo, bravo e cheo de [&hellip;]</p>
