{"id":5113,"date":"2017-11-22T17:06:29","date_gmt":"2017-11-22T17:06:29","guid":{"rendered":"https:\/\/www.imaxesdaterra.com\/tienda\/serra-do-caurel-en-outono\/"},"modified":"2022-03-03T17:10:20","modified_gmt":"2022-03-03T17:10:20","slug":"serra-do-caurel-en-outono","status":"publish","type":"product","link":"https:\/\/www.imaxesdaterra.com\/gl\/tenda\/serra-do-caurel-en-outono\/","title":{"rendered":"Serra do Caurel en Outono"},"content":{"rendered":"<p>Chega o outono \u00e1 Serra do Caurel, ti\u00f1endo aos poucos as plantas, as \u00e1rbores e entretejiendo unha rede de cores que deixa sen palabras. Tonalidades c\u00e1lidas, natureza en calma. Unha serra adornada de cores tostadas que van en ascenso e que aos poucos ga\u00f1an terreo ata chegar a cubrir todo o que tocan.<\/p>\n<p>No outono a Serra do Caurel ofrece un espect\u00e1culo natural incrible. Regala a quen lle mira unha paleta de cores enche de sorpresas que nos deixa sen palabras antes a maxia da natureza. Unha fotograf\u00eda que captura a serra e como vai ti\u00f1\u00e9ndose de diversas tonalidades oto\u00f1ales. As cores vivas son os predominantes nesta imaxe, que nos transporta \u00e1 tranquilidade das tardes de outono.<\/p>\n<hr \/>\n<p class=\"p1\"><strong>Pedidos<\/strong><\/p>\n<p class=\"p1\">1. Selecciona o tama\u00f1o desexado.<\/p>\n<p class=\"p1\">2. Revisa os detalles dos soportes ( FineArt, Lenzo o Metacrilato ) &gt;&gt;\u00a0\u00a0<span style=\"color: #33cccc;\"><a style=\"color: #33cccc;\" href=\"http:\/\/www.imaxesdaterra.com\/gal\/soportes\/\" target=\"_blank\" rel=\"noopener noreferrer\"><span class=\"s1\">VER SOPORTES<\/span><\/a><\/span><\/p>\n<p class=\"p1\">3. Selecciona o soporte que m\u00e1is che guste.<\/p>\n<p class=\"p1\">4. Selecciona a cantidade.<\/p>\n<p class=\"p1\">5. Engadir ao carri\u00f1o.<\/p>\n<p class=\"p1\"><strong>Transporte<\/strong><\/p>\n<p class=\"p1\">Revisa os detalles de transporte e impostos. &gt;&gt;<span style=\"color: #33cccc;\">\u00a0<a style=\"color: #33cccc;\" href=\"http:\/\/www.imaxesdaterra.com\/gal\/transporte\/\" target=\"_blank\" rel=\"noopener noreferrer\"><span class=\"s1\">VER TRANSPORTE<\/span><\/a><\/span><\/p>\n","protected":false},"excerpt":{"rendered":"<p>Chega o outono \u00e1 Serra do Caurel, ti\u00f1endo aos poucos as plantas, as \u00e1rbores e entretejiendo unha rede de cores que deixa sen palabras. Tonalidades c\u00e1lidas, natureza en calma. Unha serra adornada de cores tostadas que van en ascenso e que aos poucos ga\u00f1an terreo ata chegar a cubrir todo o que tocan. No outono [&hellip;]<\/p>\n","protected":false},"featured_media":4409,"comment_status":"closed","ping_status":"closed","template":"","meta":{"jetpack_post_was_ever_published":false,"jetpack_publicize_message":"","jetpack_is_tweetstorm":false,"jetpack_publicize_feature_enabled":true,"jetpack_social_post_already_shared":true,"jetpack_social_options":{"image_generator_settings":{"template":"highway","enabled":false}}},"product_cat":[144,140],"product_tag":[128,145],"jetpack_publicize_connections":[],"jetpack_sharing_enabled":true,"_links":{"self":[{"href":"https:\/\/www.imaxesdaterra.com\/gl\/wp-json\/wp\/v2\/product\/5113"}],"collection":[{"href":"https:\/\/www.imaxesdaterra.com\/gl\/wp-json\/wp\/v2\/product"}],"about":[{"href":"https:\/\/www.imaxesdaterra.com\/gl\/wp-json\/wp\/v2\/types\/product"}],"replies":[{"embeddable":true,"href":"https:\/\/www.imaxesdaterra.com\/gl\/wp-json\/wp\/v2\/comments?post=5113"}],"wp:featuredmedia":[{"embeddable":true,"href":"https:\/\/www.imaxesdaterra.com\/gl\/wp-json\/wp\/v2\/media\/4409"}],"wp:attachment":[{"href":"https:\/\/www.imaxesdaterra.com\/gl\/wp-json\/wp\/v2\/media?parent=5113"}],"wp:term":[{"taxonomy":"product_cat","embeddable":true,"href":"https:\/\/www.imaxesdaterra.com\/gl\/wp-json\/wp\/v2\/product_cat?post=5113"},{"taxonomy":"product_tag","embeddable":true,"href":"https:\/\/www.imaxesdaterra.com\/gl\/wp-json\/wp\/v2\/product_tag?post=5113"}],"curies":[{"name":"wp","href":"https:\/\/api.w.org\/{rel}","templated":true}]}}

<p>Chega o outono á Serra do Caurel, tiñendo aos poucos as plantas, as árbores e entretejiendo unha rede de cores que deixa sen palabras. Tonalidades cálidas, natureza en calma. Unha serra adornada de cores tostadas que van en ascenso e que aos poucos gañan terreo ata chegar a cubrir todo o que tocan.</p>
<p>No outono a Serra do Caurel ofrece un espectáculo natural incrible. Regala a quen lle mira unha paleta de cores enche de sorpresas que nos deixa sen palabras antes a maxia da natureza. Unha fotografía que captura a serra e como vai tiñéndose de diversas tonalidades otoñales. As cores vivas son os predominantes nesta imaxe, que nos transporta á tranquilidade das tardes de outono.</p>
<hr />
<p class="p1"><strong>Pedidos</strong></p>
<p class="p1">1. Selecciona o tamaño desexado.</p>
<p class="p1">2. Revisa os detalles dos soportes ( FineArt, Lenzo o Metacrilato ) &gt;&gt;  <span style="color: #33cccc;"><a style="color: #33cccc;" href="http://www.imaxesdaterra.com/gal/soportes/" target="_blank" rel="noopener noreferrer"><span class="s1">VER SOPORTES</span></a></span></p>
<p class="p1">3. Selecciona o soporte que máis che guste.</p>
<p class="p1">4. Selecciona a cantidade.</p>
<p class="p1">5. Engadir ao carriño.</p>
<p class="p1"><strong>Transporte</strong></p>
<p class="p1">Revisa os detalles de transporte e impostos. &gt;&gt;<span style="color: #33cccc;"> <a style="color: #33cccc;" href="http://www.imaxesdaterra.com/gal/transporte/" target="_blank" rel="noopener noreferrer"><span class="s1">VER TRANSPORTE</span></a></span></p>

<p>Chega o outono á Serra do Caurel, tiñendo aos poucos as plantas, as árbores e entretejiendo unha rede de cores que deixa sen palabras. Tonalidades cálidas, natureza en calma. Unha serra adornada de cores tostadas que van en ascenso e que aos poucos gañan terreo ata chegar a cubrir todo o que tocan. No outono [&hellip;]</p>
