{"id":5074,"date":"2017-11-17T17:30:46","date_gmt":"2017-11-17T17:30:46","guid":{"rendered":"https:\/\/www.imaxesdaterra.com\/tienda\/auga-serra-caurel\/"},"modified":"2022-03-03T17:10:44","modified_gmt":"2022-03-03T17:10:44","slug":"auga-serra-caurel","status":"publish","type":"product","link":"https:\/\/www.imaxesdaterra.com\/gl\/tenda\/auga-serra-caurel\/","title":{"rendered":"Auga Sierra do Caurel"},"content":{"rendered":"<p>R\u00edo situado na Serra do Caurel. Unha imaxe rica en detalles e cores que case nos permite escoitar o son da auga ao caer e ao coarse entre as rocas, e que evoca recordos de calma, brisas frescas e tranquilidade. A natureza na s\u00faa m\u00e1is puro estado. Imperturbable, rica en tesouros que son as s\u00faas cores vivas.<\/p>\n<p>Verde Galicia, verde natureza. Un lugar m\u00e1xico oculto entre as rocas, onde se captura o movemento do r\u00edo que baixa polas rocas e \u00fanese al\u00e1 abaixo nun remolino de cor azul. Case se pode respirar a frescura do d\u00eda nesta magn\u00edfica paisaxe que iluminado polo sol parece espertar.<\/p>\n<hr \/>\n<p class=\"p1\"><strong>Pedidos<\/strong><\/p>\n<p class=\"p1\">1. Selecciona o tama\u00f1o desexado.<\/p>\n<p class=\"p1\">2. Revisa os detalles dos soportes ( FineArt, Lenzo o Metacrilato ) >>\u00a0\u00a0<span style=\"color: #33cccc;\"><a style=\"color: #33cccc;\" href=\"http:\/\/www.imaxesdaterra.com\/gal\/soportes\/\" target=\"_blank\" rel=\"noopener noreferrer\"><span class=\"s1\">VER SOPORTES<\/span><\/a><\/span><\/p>\n<p class=\"p1\">3. Selecciona o soporte que m\u00e1is che guste.<\/p>\n<p class=\"p1\">4. Selecciona a cantidade.<\/p>\n<p class=\"p1\">5. Engadir ao carri\u00f1o.<\/p>\n<p class=\"p1\"><strong>Transporte<\/strong><\/p>\n<p class=\"p1\">Revisa os detalles de transporte e impostos. >>\u00a0<span style=\"color: #33cccc;\"><a style=\"color: #33cccc;\" href=\"http:\/\/www.imaxesdaterra.com\/gal\/transporte\/\" target=\"_blank\" rel=\"noopener noreferrer\"><span class=\"s1\">VER TRANSPORTE<\/span><\/a><\/span><\/p>\n","protected":false},"excerpt":{"rendered":"<p>R\u00edo situado na Serra do Caurel. Unha imaxe rica en detalles e cores que case nos permite escoitar o son da auga ao caer e ao coarse entre as rocas, e que evoca recordos de calma, brisas frescas e tranquilidade. A natureza na s\u00faa m\u00e1is puro estado. Imperturbable, rica en tesouros que son as s\u00faas [&hellip;]<\/p>\n","protected":false},"featured_media":4400,"comment_status":"closed","ping_status":"closed","template":"","meta":{"jetpack_post_was_ever_published":false,"jetpack_publicize_message":"","jetpack_is_tweetstorm":false,"jetpack_publicize_feature_enabled":true,"jetpack_social_post_already_shared":true,"jetpack_social_options":{"image_generator_settings":{"template":"highway","enabled":false}}},"product_cat":[144],"product_tag":[128,145],"jetpack_publicize_connections":[],"jetpack_sharing_enabled":true,"_links":{"self":[{"href":"https:\/\/www.imaxesdaterra.com\/gl\/wp-json\/wp\/v2\/product\/5074"}],"collection":[{"href":"https:\/\/www.imaxesdaterra.com\/gl\/wp-json\/wp\/v2\/product"}],"about":[{"href":"https:\/\/www.imaxesdaterra.com\/gl\/wp-json\/wp\/v2\/types\/product"}],"replies":[{"embeddable":true,"href":"https:\/\/www.imaxesdaterra.com\/gl\/wp-json\/wp\/v2\/comments?post=5074"}],"wp:featuredmedia":[{"embeddable":true,"href":"https:\/\/www.imaxesdaterra.com\/gl\/wp-json\/wp\/v2\/media\/4400"}],"wp:attachment":[{"href":"https:\/\/www.imaxesdaterra.com\/gl\/wp-json\/wp\/v2\/media?parent=5074"}],"wp:term":[{"taxonomy":"product_cat","embeddable":true,"href":"https:\/\/www.imaxesdaterra.com\/gl\/wp-json\/wp\/v2\/product_cat?post=5074"},{"taxonomy":"product_tag","embeddable":true,"href":"https:\/\/www.imaxesdaterra.com\/gl\/wp-json\/wp\/v2\/product_tag?post=5074"}],"curies":[{"name":"wp","href":"https:\/\/api.w.org\/{rel}","templated":true}]}}

<p>Río situado na Serra do Caurel. Unha imaxe rica en detalles e cores que case nos permite escoitar o son da auga ao caer e ao coarse entre as rocas, e que evoca recordos de calma, brisas frescas e tranquilidade. A natureza na súa máis puro estado. Imperturbable, rica en tesouros que son as súas cores vivas.</p>
<p>Verde Galicia, verde natureza. Un lugar máxico oculto entre as rocas, onde se captura o movemento do río que baixa polas rocas e únese alá abaixo nun remolino de cor azul. Case se pode respirar a frescura do día nesta magnífica paisaxe que iluminado polo sol parece espertar.</p>
<hr />
<p class="p1"><strong>Pedidos</strong></p>
<p class="p1">1. Selecciona o tamaño desexado.</p>
<p class="p1">2. Revisa os detalles dos soportes ( FineArt, Lenzo o Metacrilato ) >>  <span style="color: #33cccc;"><a style="color: #33cccc;" href="http://www.imaxesdaterra.com/gal/soportes/" target="_blank" rel="noopener noreferrer"><span class="s1">VER SOPORTES</span></a></span></p>
<p class="p1">3. Selecciona o soporte que máis che guste.</p>
<p class="p1">4. Selecciona a cantidade.</p>
<p class="p1">5. Engadir ao carriño.</p>
<p class="p1"><strong>Transporte</strong></p>
<p class="p1">Revisa os detalles de transporte e impostos. >> <span style="color: #33cccc;"><a style="color: #33cccc;" href="http://www.imaxesdaterra.com/gal/transporte/" target="_blank" rel="noopener noreferrer"><span class="s1">VER TRANSPORTE</span></a></span></p>

<p>Río situado na Serra do Caurel. Unha imaxe rica en detalles e cores que case nos permite escoitar o son da auga ao caer e ao coarse entre as rocas, e que evoca recordos de calma, brisas frescas e tranquilidade. A natureza na súa máis puro estado. Imperturbable, rica en tesouros que son as súas [&hellip;]</p>
