{"id":4833,"date":"2017-11-21T12:51:38","date_gmt":"2017-11-21T12:51:38","guid":{"rendered":"https:\/\/www.imaxesdaterra.com\/tienda\/atardecer-en-galicia\/"},"modified":"2022-03-03T17:12:44","modified_gmt":"2022-03-03T17:12:44","slug":"atardecer-en-galicia","status":"publish","type":"product","link":"https:\/\/www.imaxesdaterra.com\/gl\/tenda\/atardecer-en-galicia\/","title":{"rendered":"Atardecer en Galicia"},"content":{"rendered":"<p>Atardecer fronte ao mar en Galicia. Unha infinidade de cores est\u00e9ndese no horizonte e reg\u00e1lanos un espect\u00e1culo c\u00e1lido, tranquilo, cheo de emoci\u00f3ns e de tonalidades tostadas que anuncian o caer da noite. Un mar en calma arroupado por suaves ondas \u00e9 atravesado pola imaxe a contraluz e un primeiro plano de fermosos pi\u00f1eiros que parecen adornar a entrada cara \u00e1 costa. Ao caer o sol, sempre asocio a imaxe a contraluz dos pi\u00f1eiros con agradables e c\u00e1lidas tardes de ver\u00e1n. Esta imaxe mostra a tranquila silueta da natureza que atravesa a posta de sol e que deixan entrever os m\u00e1is m\u00e1xicas cores de todos, aqueles que como un lenzo pintan o atardecer.<\/p>\n<hr \/>\n<p class=\"p1\"><strong>Pedidos<\/strong><\/p>\n<p class=\"p1\">1. Selecciona o tama\u00f1o desexado.<\/p>\n<p class=\"p1\">2. Revisa os detalles dos soportes \u00a0&gt;&gt;\u00a0\u00a0<span style=\"color: #33cccc;\"><a style=\"color: #33cccc;\" href=\"https:\/\/www.imaxesdaterra.com\/gal\/soportes\/\" target=\"_blank\" rel=\"noopener noreferrer\"><span class=\"s1\">VER SOPORTES<\/span><\/a><\/span><\/p>\n<p class=\"p1\">3. Selecciona o soporte que m\u00e1is che guste.<\/p>\n<p class=\"p1\">4. Selecciona a cantidade.<\/p>\n<p class=\"p1\">5. Engadir ao carri\u00f1o.<\/p>\n<p class=\"p1\"><strong>Transporte<\/strong><\/p>\n<p class=\"p1\">Revisa os detalles de transporte e impostos &gt;&gt;\u00a0<span style=\"color: #33cccc;\"><a style=\"color: #33cccc;\" href=\"https:\/\/www.imaxesdaterra.com\/gal\/transporte\/\" target=\"_blank\" rel=\"noopener noreferrer\"><span class=\"s1\">VER TRANSPORTE<\/span><\/a><\/span><\/p>\n","protected":false},"excerpt":{"rendered":"<p>Atardecer fronte ao mar en Galicia. Unha infinidade de cores est\u00e9ndese no horizonte e reg\u00e1lanos un espect\u00e1culo c\u00e1lido, tranquilo, cheo de emoci\u00f3ns e de tonalidades tostadas que anuncian o caer da noite. Un mar en calma arroupado por suaves ondas \u00e9 atravesado pola imaxe a contraluz e un primeiro plano de fermosos pi\u00f1eiros que parecen [&hellip;]<\/p>\n","protected":false},"featured_media":8350,"comment_status":"closed","ping_status":"closed","template":"","meta":{"jetpack_post_was_ever_published":false,"jetpack_publicize_message":"","jetpack_is_tweetstorm":false,"jetpack_publicize_feature_enabled":true,"jetpack_social_post_already_shared":true,"jetpack_social_options":{"image_generator_settings":{"template":"highway","enabled":false}}},"product_cat":[137,139,144],"product_tag":[128,157],"jetpack_publicize_connections":[],"jetpack_sharing_enabled":true,"_links":{"self":[{"href":"https:\/\/www.imaxesdaterra.com\/gl\/wp-json\/wp\/v2\/product\/4833"}],"collection":[{"href":"https:\/\/www.imaxesdaterra.com\/gl\/wp-json\/wp\/v2\/product"}],"about":[{"href":"https:\/\/www.imaxesdaterra.com\/gl\/wp-json\/wp\/v2\/types\/product"}],"replies":[{"embeddable":true,"href":"https:\/\/www.imaxesdaterra.com\/gl\/wp-json\/wp\/v2\/comments?post=4833"}],"wp:featuredmedia":[{"embeddable":true,"href":"https:\/\/www.imaxesdaterra.com\/gl\/wp-json\/wp\/v2\/media\/8350"}],"wp:attachment":[{"href":"https:\/\/www.imaxesdaterra.com\/gl\/wp-json\/wp\/v2\/media?parent=4833"}],"wp:term":[{"taxonomy":"product_cat","embeddable":true,"href":"https:\/\/www.imaxesdaterra.com\/gl\/wp-json\/wp\/v2\/product_cat?post=4833"},{"taxonomy":"product_tag","embeddable":true,"href":"https:\/\/www.imaxesdaterra.com\/gl\/wp-json\/wp\/v2\/product_tag?post=4833"}],"curies":[{"name":"wp","href":"https:\/\/api.w.org\/{rel}","templated":true}]}}

<p>Atardecer fronte ao mar en Galicia. Unha infinidade de cores esténdese no horizonte e regálanos un espectáculo cálido, tranquilo, cheo de emocións e de tonalidades tostadas que anuncian o caer da noite. Un mar en calma arroupado por suaves ondas é atravesado pola imaxe a contraluz e un primeiro plano de fermosos piñeiros que parecen adornar a entrada cara á costa. Ao caer o sol, sempre asocio a imaxe a contraluz dos piñeiros con agradables e cálidas tardes de verán. Esta imaxe mostra a tranquila silueta da natureza que atravesa a posta de sol e que deixan entrever os máis máxicas cores de todos, aqueles que como un lenzo pintan o atardecer.</p>
<hr />
<p class="p1"><strong>Pedidos</strong></p>
<p class="p1">1. Selecciona o tamaño desexado.</p>
<p class="p1">2. Revisa os detalles dos soportes  &gt;&gt;  <span style="color: #33cccc;"><a style="color: #33cccc;" href="https://www.imaxesdaterra.com/gal/soportes/" target="_blank" rel="noopener noreferrer"><span class="s1">VER SOPORTES</span></a></span></p>
<p class="p1">3. Selecciona o soporte que máis che guste.</p>
<p class="p1">4. Selecciona a cantidade.</p>
<p class="p1">5. Engadir ao carriño.</p>
<p class="p1"><strong>Transporte</strong></p>
<p class="p1">Revisa os detalles de transporte e impostos &gt;&gt; <span style="color: #33cccc;"><a style="color: #33cccc;" href="https://www.imaxesdaterra.com/gal/transporte/" target="_blank" rel="noopener noreferrer"><span class="s1">VER TRANSPORTE</span></a></span></p>

<p>Atardecer fronte ao mar en Galicia. Unha infinidade de cores esténdese no horizonte e regálanos un espectáculo cálido, tranquilo, cheo de emocións e de tonalidades tostadas que anuncian o caer da noite. Un mar en calma arroupado por suaves ondas é atravesado pola imaxe a contraluz e un primeiro plano de fermosos piñeiros que parecen [&hellip;]</p>
