{"id":4723,"date":"2017-11-22T07:22:33","date_gmt":"2017-11-22T07:22:33","guid":{"rendered":"https:\/\/www.imaxesdaterra.com\/tienda\/tradicion-da-rapa-das-bestas\/"},"modified":"2022-03-03T17:13:09","modified_gmt":"2022-03-03T17:13:09","slug":"tradicion-da-rapa-das-bestas","status":"publish","type":"product","link":"https:\/\/www.imaxesdaterra.com\/gl\/tenda\/tradicion-da-rapa-das-bestas\/","title":{"rendered":"Tradici\u00f3n da Rapa das Bestas"},"content":{"rendered":"<p>Multitude, alboroto, x\u00fabilo. Festas de Galicia. R\u00e1pa d\u00e1s Bestas cos seus cabalos en pleno. Un grupo de animais mide as s\u00faas forzas, unhas contra outras, corpo a corpo e tentan conservar os seus crines. Ollos que miran desde todas as direcci\u00f3ns, diversas facci\u00f3ns que espertan emoci\u00f3ns. Un ambiente de tradici\u00f3n dentro dunha terra chea de historias.<\/p>\n<p>Ollos que todo o ven durante as Festas de Galicia. Esta imaxe captura en branco e negro una das tradici\u00f3ns m\u00e1is antigas celebrada nos meses de ver\u00e1n. Cabalos e eguas salvaxes son encerradas en curros mentres se lles tenta cortar as crines.<\/p>\n<hr \/>\n<p class=\"p1\"><strong>Pedidos<\/strong><\/p>\n<p class=\"p1\">1. Selecciona o tama\u00f1o desexado.<\/p>\n<p class=\"p1\">2. Revisa os detalles dos soportes ( FineArt, Lenzo o Metacrilato ) >>\u00a0\u00a0<span style=\"color: #33cccc;\"><a style=\"color: #33cccc;\" href=\"http:\/\/www.imaxesdaterra.com\/gal\/soportes\/\" target=\"_blank\" rel=\"noopener noreferrer\"><span class=\"s1\">VER SOPORTES<\/span><\/a><\/span><\/p>\n<p class=\"p1\">3. Selecciona o soporte que m\u00e1is che guste.<\/p>\n<p class=\"p1\">4. Selecciona a cantidade.<\/p>\n<p class=\"p1\">5. Engadir ao carri\u00f1o.<\/p>\n<p class=\"p1\"><strong>Transporte<\/strong><\/p>\n<p class=\"p1\">Revisa os detalles de transporte e impostos. >>\u00a0<span style=\"color: #33cccc;\"><a style=\"color: #33cccc;\" href=\"http:\/\/www.imaxesdaterra.com\/gal\/transporte\/\" target=\"_blank\" rel=\"noopener noreferrer\"><span class=\"s1\">VER TRANSPORTE<\/span><\/a><\/span><\/p>\n","protected":false},"excerpt":{"rendered":"<p>Multitude, alboroto, x\u00fabilo. Festas de Galicia. R\u00e1pa d\u00e1s Bestas cos seus cabalos en pleno. Un grupo de animais mide as s\u00faas forzas, unhas contra outras, corpo a corpo e tentan conservar os seus crines. Ollos que miran desde todas as direcci\u00f3ns, diversas facci\u00f3ns que espertan emoci\u00f3ns. Un ambiente de tradici\u00f3n dentro dunha terra chea de [&hellip;]<\/p>\n","protected":false},"featured_media":4419,"comment_status":"closed","ping_status":"closed","template":"","meta":{"jetpack_post_was_ever_published":false,"jetpack_publicize_message":"","jetpack_is_tweetstorm":false,"jetpack_publicize_feature_enabled":true,"jetpack_social_post_already_shared":true,"jetpack_social_options":{"image_generator_settings":{"template":"highway","enabled":false}}},"product_cat":[147,126,144],"product_tag":[128,156],"jetpack_publicize_connections":[],"jetpack_sharing_enabled":true,"_links":{"self":[{"href":"https:\/\/www.imaxesdaterra.com\/gl\/wp-json\/wp\/v2\/product\/4723"}],"collection":[{"href":"https:\/\/www.imaxesdaterra.com\/gl\/wp-json\/wp\/v2\/product"}],"about":[{"href":"https:\/\/www.imaxesdaterra.com\/gl\/wp-json\/wp\/v2\/types\/product"}],"replies":[{"embeddable":true,"href":"https:\/\/www.imaxesdaterra.com\/gl\/wp-json\/wp\/v2\/comments?post=4723"}],"wp:featuredmedia":[{"embeddable":true,"href":"https:\/\/www.imaxesdaterra.com\/gl\/wp-json\/wp\/v2\/media\/4419"}],"wp:attachment":[{"href":"https:\/\/www.imaxesdaterra.com\/gl\/wp-json\/wp\/v2\/media?parent=4723"}],"wp:term":[{"taxonomy":"product_cat","embeddable":true,"href":"https:\/\/www.imaxesdaterra.com\/gl\/wp-json\/wp\/v2\/product_cat?post=4723"},{"taxonomy":"product_tag","embeddable":true,"href":"https:\/\/www.imaxesdaterra.com\/gl\/wp-json\/wp\/v2\/product_tag?post=4723"}],"curies":[{"name":"wp","href":"https:\/\/api.w.org\/{rel}","templated":true}]}}

Tradición da Rapa das Bestas

<p>Multitude, alboroto, xúbilo. Festas de Galicia. Rápa dás Bestas cos seus cabalos en pleno. Un grupo de animais mide as súas forzas, unhas contra outras, corpo a corpo e tentan conservar os seus crines. Ollos que miran desde todas as direccións, diversas faccións que espertan emocións. Un ambiente de tradición dentro dunha terra chea de historias.</p>
<p>Ollos que todo o ven durante as Festas de Galicia. Esta imaxe captura en branco e negro una das tradicións máis antigas celebrada nos meses de verán. Cabalos e eguas salvaxes son encerradas en curros mentres se lles tenta cortar as crines.</p>
<hr />
<p class="p1"><strong>Pedidos</strong></p>
<p class="p1">1. Selecciona o tamaño desexado.</p>
<p class="p1">2. Revisa os detalles dos soportes ( FineArt, Lenzo o Metacrilato ) >>  <span style="color: #33cccc;"><a style="color: #33cccc;" href="http://www.imaxesdaterra.com/gal/soportes/" target="_blank" rel="noopener noreferrer"><span class="s1">VER SOPORTES</span></a></span></p>
<p class="p1">3. Selecciona o soporte que máis che guste.</p>
<p class="p1">4. Selecciona a cantidade.</p>
<p class="p1">5. Engadir ao carriño.</p>
<p class="p1"><strong>Transporte</strong></p>
<p class="p1">Revisa os detalles de transporte e impostos. >> <span style="color: #33cccc;"><a style="color: #33cccc;" href="http://www.imaxesdaterra.com/gal/transporte/" target="_blank" rel="noopener noreferrer"><span class="s1">VER TRANSPORTE</span></a></span></p>

<p>Multitude, alboroto, xúbilo. Festas de Galicia. Rápa dás Bestas cos seus cabalos en pleno. Un grupo de animais mide as súas forzas, unhas contra outras, corpo a corpo e tentan conservar os seus crines. Ollos que miran desde todas as direccións, diversas faccións que espertan emocións. Un ambiente de tradición dentro dunha terra chea de [&hellip;]</p>
