{"id":4282,"date":"2017-11-24T11:19:00","date_gmt":"2017-11-24T11:19:00","guid":{"rendered":"https:\/\/www.imaxesdaterra.com\/wp-content\/uploads\/2017\/06\/AS022-43-faro-torre-de-hercules.jpg"},"modified":"2017-11-29T07:41:59","modified_gmt":"2017-11-29T07:41:59","slug":"as022-43-faro-torre-de-hercules-2","status":"inherit","type":"attachment","link":"https:\/\/www.imaxesdaterra.com\/gl\/?attachment_id=4282","title":{"rendered":"Amencer Torre de H\u00e9rcules na Coru\u00f1a, Comprar fotograf\u00eda de Galicia Torre de H\u00e9rcules Faros Galegos Amencer Decoraci\u00f3n Natureza Paisaxe"},"author":1,"comment_status":"closed","ping_status":"closed","template":"","meta":{"jetpack_post_was_ever_published":false},"yst_prominent_words":[],"jetpack_sharing_enabled":true,"jetpack_shortlink":"https:\/\/wp.me\/a8tMdy-174","description":{"rendered":"<p class=\"attachment\"><a href='https:\/\/i0.wp.com\/www.imaxesdaterra.com\/wp-content\/uploads\/2017\/06\/AS022-43-faro-torre-de-hercules.jpg?ssl=1'><img width=\"227\" height=\"300\" src=\"https:\/\/i0.wp.com\/www.imaxesdaterra.com\/wp-content\/uploads\/2017\/06\/AS022-43-faro-torre-de-hercules.jpg?fit=227%2C300&amp;ssl=1\" class=\"attachment-medium size-medium\" alt=\"Amencer Torre de H\u00e9rcules na Coru\u00f1a, Comprar fotograf\u00eda de Galicia Torre de H\u00e9rcules Faros Galegos Amencer Decoraci\u00f3n Natureza Paisaxe\" decoding=\"async\" loading=\"lazy\" srcset=\"https:\/\/i0.wp.com\/www.imaxesdaterra.com\/wp-content\/uploads\/2017\/06\/AS022-43-faro-torre-de-hercules.jpg?w=1200&amp;ssl=1 1200w, https:\/\/i0.wp.com\/www.imaxesdaterra.com\/wp-content\/uploads\/2017\/06\/AS022-43-faro-torre-de-hercules.jpg?resize=227%2C300&amp;ssl=1 227w, https:\/\/i0.wp.com\/www.imaxesdaterra.com\/wp-content\/uploads\/2017\/06\/AS022-43-faro-torre-de-hercules.jpg?resize=768%2C1016&amp;ssl=1 768w, https:\/\/i0.wp.com\/www.imaxesdaterra.com\/wp-content\/uploads\/2017\/06\/AS022-43-faro-torre-de-hercules.jpg?resize=774%2C1024&amp;ssl=1 774w, https:\/\/i0.wp.com\/www.imaxesdaterra.com\/wp-content\/uploads\/2017\/06\/AS022-43-faro-torre-de-hercules.jpg?resize=197%2C261&amp;ssl=1 197w, https:\/\/i0.wp.com\/www.imaxesdaterra.com\/wp-content\/uploads\/2017\/06\/AS022-43-faro-torre-de-hercules.jpg?resize=468%2C619&amp;ssl=1 468w, https:\/\/i0.wp.com\/www.imaxesdaterra.com\/wp-content\/uploads\/2017\/06\/AS022-43-faro-torre-de-hercules.jpg?resize=869%2C1149&amp;ssl=1 869w, https:\/\/i0.wp.com\/www.imaxesdaterra.com\/wp-content\/uploads\/2017\/06\/AS022-43-faro-torre-de-hercules.jpg?resize=953%2C1260&amp;ssl=1 953w\" sizes=\"(max-width: 227px) 100vw, 227px\" data-attachment-id=\"4282\" data-permalink=\"https:\/\/www.imaxesdaterra.com\/gl\/?attachment_id=4282\" data-orig-file=\"https:\/\/i0.wp.com\/www.imaxesdaterra.com\/wp-content\/uploads\/2017\/06\/AS022-43-faro-torre-de-hercules.jpg?fit=1200%2C1587&amp;ssl=1\" data-orig-size=\"1200,1587\" data-comments-opened=\"0\" data-image-meta=\"{&quot;aperture&quot;:&quot;0&quot;,&quot;credit&quot;:&quot;&quot;,&quot;camera&quot;:&quot;&quot;,&quot;caption&quot;:&quot;&quot;,&quot;created_timestamp&quot;:&quot;0&quot;,&quot;copyright&quot;:&quot;&quot;,&quot;focal_length&quot;:&quot;0&quot;,&quot;iso&quot;:&quot;0&quot;,&quot;shutter_speed&quot;:&quot;0&quot;,&quot;title&quot;:&quot;&quot;,&quot;orientation&quot;:&quot;0&quot;}\" data-image-title=\"Amencer Torre de H\u00e9rcules na Coru\u00f1a, Comprar fotograf\u00eda de Galicia Torre de H\u00e9rcules Faros Galegos Amencer Decoraci\u00f3n Natureza Paisaxe\" data-image-description=\"\" data-image-caption=\"\" data-medium-file=\"https:\/\/i0.wp.com\/www.imaxesdaterra.com\/wp-content\/uploads\/2017\/06\/AS022-43-faro-torre-de-hercules.jpg?fit=227%2C300&amp;ssl=1\" data-large-file=\"https:\/\/i0.wp.com\/www.imaxesdaterra.com\/wp-content\/uploads\/2017\/06\/AS022-43-faro-torre-de-hercules.jpg?fit=774%2C1024&amp;ssl=1\" \/><\/a><\/p>\n"},"caption":{"rendered":""},"alt_text":"Amencer Torre de H\u00e9rcules na Coru\u00f1a, Comprar fotograf\u00eda de Galicia Torre de H\u00e9rcules Faros Galegos Amencer Decoraci\u00f3n Natureza Paisaxe","media_type":"image","mime_type":"image\/jpeg","media_details":{"width":1200,"height":1587,"file":"2017\/06\/AS022-43-faro-torre-de-hercules.jpg","sizes":{"thumbnail":{"file":"AS022-43-faro-torre-de-hercules-150x150.jpg","width":150,"height":150,"mime_type":"image\/jpeg","source_url":"https:\/\/i0.wp.com\/www.imaxesdaterra.com\/wp-content\/uploads\/2017\/06\/AS022-43-faro-torre-de-hercules.jpg?resize=150%2C150&ssl=1"},"medium":{"file":"AS022-43-faro-torre-de-hercules-227x300.jpg","width":227,"height":300,"mime_type":"image\/jpeg","source_url":"https:\/\/i0.wp.com\/www.imaxesdaterra.com\/wp-content\/uploads\/2017\/06\/AS022-43-faro-torre-de-hercules.jpg?fit=227%2C300&ssl=1"},"medium_large":{"file":"AS022-43-faro-torre-de-hercules-768x1016.jpg","width":768,"height":1016,"mime_type":"image\/jpeg","source_url":"https:\/\/i0.wp.com\/www.imaxesdaterra.com\/wp-content\/uploads\/2017\/06\/AS022-43-faro-torre-de-hercules.jpg?fit=768%2C1016&ssl=1"},"large":{"file":"AS022-43-faro-torre-de-hercules-774x1024.jpg","width":774,"height":1024,"mime_type":"image\/jpeg","source_url":"https:\/\/i0.wp.com\/www.imaxesdaterra.com\/wp-content\/uploads\/2017\/06\/AS022-43-faro-torre-de-hercules.jpg?fit=774%2C1024&ssl=1"},"col-logo":{"file":"AS022-43-faro-torre-de-hercules-110x60.jpg","width":110,"height":60,"mime_type":"image\/jpeg","source_url":"https:\/\/www.imaxesdaterra.com\/wp-content\/uploads\/2017\/06\/AS022-43-faro-torre-de-hercules-110x60.jpg"},"shop_thumbnail":{"file":"AS022-43-faro-torre-de-hercules-197x261.jpg","width":197,"height":261,"mime_type":"image\/jpeg","source_url":"https:\/\/www.imaxesdaterra.com\/wp-content\/uploads\/2017\/06\/AS022-43-faro-torre-de-hercules-197x261.jpg"},"shop_catalog":{"file":"AS022-43-faro-torre-de-hercules-468x619.jpg","width":468,"height":619,"mime_type":"image\/jpeg","source_url":"https:\/\/www.imaxesdaterra.com\/wp-content\/uploads\/2017\/06\/AS022-43-faro-torre-de-hercules-468x619.jpg"},"shop_single":{"file":"AS022-43-faro-torre-de-hercules-869x1149.jpg","width":869,"height":1149,"mime_type":"image\/jpeg","source_url":"https:\/\/www.imaxesdaterra.com\/wp-content\/uploads\/2017\/06\/AS022-43-faro-torre-de-hercules-869x1149.jpg"},"ocin_post":{"file":"AS022-43-faro-torre-de-hercules-853x480.jpg","width":853,"height":480,"mime_type":"image\/jpeg","source_url":"https:\/\/i0.wp.com\/www.imaxesdaterra.com\/wp-content\/uploads\/2017\/06\/AS022-43-faro-torre-de-hercules.jpg?resize=853%2C480&ssl=1"},"ocin_post_single":{"file":"AS022-43-faro-torre-de-hercules-953x1260.jpg","width":953,"height":1260,"mime_type":"image\/jpeg","source_url":"https:\/\/i0.wp.com\/www.imaxesdaterra.com\/wp-content\/uploads\/2017\/06\/AS022-43-faro-torre-de-hercules.jpg?fit=953%2C1260&ssl=1"},"ocin_post_square":{"file":"AS022-43-faro-torre-de-hercules-457x457.jpg","width":457,"height":457,"mime_type":"image\/jpeg","source_url":"https:\/\/i0.wp.com\/www.imaxesdaterra.com\/wp-content\/uploads\/2017\/06\/AS022-43-faro-torre-de-hercules.jpg?fit=457%2C457&ssl=1"},"ocin_shop_catalog_portrait":{"file":"AS022-43-faro-torre-de-hercules-468x686.jpg","width":468,"height":686,"mime_type":"image\/jpeg","source_url":"https:\/\/i0.wp.com\/www.imaxesdaterra.com\/wp-content\/uploads\/2017\/06\/AS022-43-faro-torre-de-hercules.jpg?resize=468%2C686&ssl=1"},"ocin_shop_single_portrait":{"file":"AS022-43-faro-torre-de-hercules-581x851.jpg","width":581,"height":851,"mime_type":"image\/jpeg","source_url":"https:\/\/i0.wp.com\/www.imaxesdaterra.com\/wp-content\/uploads\/2017\/06\/AS022-43-faro-torre-de-hercules.jpg?resize=581%2C851&ssl=1"},"full":{"file":"AS022-43-faro-torre-de-hercules.jpg?fit=1200%2C1587&ssl=1","width":1200,"height":1587,"mime_type":"image\/jpeg","source_url":"https:\/\/i0.wp.com\/www.imaxesdaterra.com\/wp-content\/uploads\/2017\/06\/AS022-43-faro-torre-de-hercules.jpg?fit=1200%2C1587&ssl=1"}},"image_meta":{"aperture":"0","credit":"","camera":"","caption":"","created_timestamp":"0","copyright":"","focal_length":"0","iso":"0","shutter_speed":"0","title":"","orientation":"0","keywords":[]}},"post":4761,"source_url":"https:\/\/www.imaxesdaterra.com\/wp-content\/uploads\/2017\/06\/AS022-43-faro-torre-de-hercules.jpg","_links":{"self":[{"href":"https:\/\/www.imaxesdaterra.com\/gl\/wp-json\/wp\/v2\/media\/4282"}],"collection":[{"href":"https:\/\/www.imaxesdaterra.com\/gl\/wp-json\/wp\/v2\/media"}],"about":[{"href":"https:\/\/www.imaxesdaterra.com\/gl\/wp-json\/wp\/v2\/types\/attachment"}],"author":[{"embeddable":true,"href":"https:\/\/www.imaxesdaterra.com\/gl\/wp-json\/wp\/v2\/users\/1"}],"replies":[{"embeddable":true,"href":"https:\/\/www.imaxesdaterra.com\/gl\/wp-json\/wp\/v2\/comments?post=4282"}],"wp:term":[{"taxonomy":"yst_prominent_words","embeddable":true,"href":"https:\/\/www.imaxesdaterra.com\/gl\/wp-json\/wp\/v2\/yst_prominent_words?post=4282"}],"curies":[{"name":"wp","href":"https:\/\/api.w.org\/{rel}","templated":true}]}}

Amencer Torre de Hércules na Coruña, Comprar fotografía de Galicia Torre de Hércules Faros Galegos Amencer Decoración Natureza Paisaxe

<p class="attachment"><a href='https://i0.wp.com/www.imaxesdaterra.com/wp-content/uploads/2017/06/AS022-43-faro-torre-de-hercules.jpg?ssl=1'><img width="227" height="300" src="https://i0.wp.com/www.imaxesdaterra.com/wp-content/uploads/2017/06/AS022-43-faro-torre-de-hercules.jpg?fit=227%2C300&amp;ssl=1" class="attachment-medium size-medium" alt="Amencer Torre de Hércules na Coruña, Comprar fotografía de Galicia Torre de Hércules Faros Galegos Amencer Decoración Natureza Paisaxe" decoding="async" loading="lazy" srcset="https://i0.wp.com/www.imaxesdaterra.com/wp-content/uploads/2017/06/AS022-43-faro-torre-de-hercules.jpg?w=1200&amp;ssl=1 1200w, https://i0.wp.com/www.imaxesdaterra.com/wp-content/uploads/2017/06/AS022-43-faro-torre-de-hercules.jpg?resize=227%2C300&amp;ssl=1 227w, https://i0.wp.com/www.imaxesdaterra.com/wp-content/uploads/2017/06/AS022-43-faro-torre-de-hercules.jpg?resize=768%2C1016&amp;ssl=1 768w, https://i0.wp.com/www.imaxesdaterra.com/wp-content/uploads/2017/06/AS022-43-faro-torre-de-hercules.jpg?resize=774%2C1024&amp;ssl=1 774w, https://i0.wp.com/www.imaxesdaterra.com/wp-content/uploads/2017/06/AS022-43-faro-torre-de-hercules.jpg?resize=197%2C261&amp;ssl=1 197w, https://i0.wp.com/www.imaxesdaterra.com/wp-content/uploads/2017/06/AS022-43-faro-torre-de-hercules.jpg?resize=468%2C619&amp;ssl=1 468w, https://i0.wp.com/www.imaxesdaterra.com/wp-content/uploads/2017/06/AS022-43-faro-torre-de-hercules.jpg?resize=869%2C1149&amp;ssl=1 869w, https://i0.wp.com/www.imaxesdaterra.com/wp-content/uploads/2017/06/AS022-43-faro-torre-de-hercules.jpg?resize=953%2C1260&amp;ssl=1 953w" sizes="(max-width: 227px) 100vw, 227px" data-attachment-id="4282" data-permalink="https://www.imaxesdaterra.com/gl/?attachment_id=4282" data-orig-file="https://i0.wp.com/www.imaxesdaterra.com/wp-content/uploads/2017/06/AS022-43-faro-torre-de-hercules.jpg?fit=1200%2C1587&amp;ssl=1" data-orig-size="1200,1587" data-comments-opened="0" data-image-meta="{&quot;aperture&quot;:&quot;0&quot;,&quot;credit&quot;:&quot;&quot;,&quot;camera&quot;:&quot;&quot;,&quot;caption&quot;:&quot;&quot;,&quot;created_timestamp&quot;:&quot;0&quot;,&quot;copyright&quot;:&quot;&quot;,&quot;focal_length&quot;:&quot;0&quot;,&quot;iso&quot;:&quot;0&quot;,&quot;shutter_speed&quot;:&quot;0&quot;,&quot;title&quot;:&quot;&quot;,&quot;orientation&quot;:&quot;0&quot;}" data-image-title="Amencer Torre de Hércules na Coruña, Comprar fotografía de Galicia Torre de Hércules Faros Galegos Amencer Decoración Natureza Paisaxe" data-image-description="" data-image-caption="" data-medium-file="https://i0.wp.com/www.imaxesdaterra.com/wp-content/uploads/2017/06/AS022-43-faro-torre-de-hercules.jpg?fit=227%2C300&amp;ssl=1" data-large-file="https://i0.wp.com/www.imaxesdaterra.com/wp-content/uploads/2017/06/AS022-43-faro-torre-de-hercules.jpg?fit=774%2C1024&amp;ssl=1" /></a></p>
