{"id":4260,"date":"2017-11-24T09:27:55","date_gmt":"2017-11-24T09:27:55","guid":{"rendered":"https:\/\/www.imaxesdaterra.com\/wp-content\/uploads\/2017\/05\/PA010-31-serra-do-caurel.jpg"},"modified":"2017-11-29T08:48:15","modified_gmt":"2017-11-29T08:48:15","slug":"pa010-31-serra-do-caurel-2","status":"inherit","type":"attachment","link":"https:\/\/www.imaxesdaterra.com\/gl\/?attachment_id=4260","title":{"rendered":"Amencer Serra  do  Caurel, Comprar fotograf\u00eda  de Galicia Serra  do  Caurel N\u00e9boa Decoraci\u00f3n Natureza Paisaxe"},"author":1,"comment_status":"closed","ping_status":"closed","template":"","meta":{"jetpack_post_was_ever_published":false},"yst_prominent_words":[],"jetpack_sharing_enabled":true,"jetpack_shortlink":"https:\/\/wp.me\/a8tMdy-16I","description":{"rendered":"<p class=\"attachment\"><a href='https:\/\/i0.wp.com\/www.imaxesdaterra.com\/wp-content\/uploads\/2017\/05\/PA010-31-serra-do-caurel.jpg?ssl=1'><img width=\"300\" height=\"107\" src=\"https:\/\/i0.wp.com\/www.imaxesdaterra.com\/wp-content\/uploads\/2017\/05\/PA010-31-serra-do-caurel.jpg?fit=300%2C107&amp;ssl=1\" class=\"attachment-medium size-medium\" alt=\"Amencer Serra  do  Caurel, Comprar fotograf\u00eda  de Galicia Serra  do  Caurel N\u00e9boa Decoraci\u00f3n Natureza Paisaxe\" decoding=\"async\" loading=\"lazy\" srcset=\"https:\/\/i0.wp.com\/www.imaxesdaterra.com\/wp-content\/uploads\/2017\/05\/PA010-31-serra-do-caurel.jpg?w=1200&amp;ssl=1 1200w, https:\/\/i0.wp.com\/www.imaxesdaterra.com\/wp-content\/uploads\/2017\/05\/PA010-31-serra-do-caurel.jpg?resize=300%2C107&amp;ssl=1 300w, https:\/\/i0.wp.com\/www.imaxesdaterra.com\/wp-content\/uploads\/2017\/05\/PA010-31-serra-do-caurel.jpg?resize=768%2C273&amp;ssl=1 768w, https:\/\/i0.wp.com\/www.imaxesdaterra.com\/wp-content\/uploads\/2017\/05\/PA010-31-serra-do-caurel.jpg?resize=1024%2C364&amp;ssl=1 1024w, https:\/\/i0.wp.com\/www.imaxesdaterra.com\/wp-content\/uploads\/2017\/05\/PA010-31-serra-do-caurel.jpg?resize=197%2C70&amp;ssl=1 197w, https:\/\/i0.wp.com\/www.imaxesdaterra.com\/wp-content\/uploads\/2017\/05\/PA010-31-serra-do-caurel.jpg?resize=468%2C167&amp;ssl=1 468w, https:\/\/i0.wp.com\/www.imaxesdaterra.com\/wp-content\/uploads\/2017\/05\/PA010-31-serra-do-caurel.jpg?resize=869%2C309&amp;ssl=1 869w, https:\/\/i0.wp.com\/www.imaxesdaterra.com\/wp-content\/uploads\/2017\/05\/PA010-31-serra-do-caurel.jpg?resize=953%2C339&amp;ssl=1 953w\" sizes=\"(max-width: 300px) 100vw, 300px\" data-attachment-id=\"4260\" data-permalink=\"https:\/\/www.imaxesdaterra.com\/gl\/?attachment_id=4260\" data-orig-file=\"https:\/\/i0.wp.com\/www.imaxesdaterra.com\/wp-content\/uploads\/2017\/05\/PA010-31-serra-do-caurel.jpg?fit=1200%2C427&amp;ssl=1\" data-orig-size=\"1200,427\" data-comments-opened=\"0\" data-image-meta=\"{&quot;aperture&quot;:&quot;0&quot;,&quot;credit&quot;:&quot;&quot;,&quot;camera&quot;:&quot;&quot;,&quot;caption&quot;:&quot;&quot;,&quot;created_timestamp&quot;:&quot;0&quot;,&quot;copyright&quot;:&quot;&quot;,&quot;focal_length&quot;:&quot;0&quot;,&quot;iso&quot;:&quot;0&quot;,&quot;shutter_speed&quot;:&quot;0&quot;,&quot;title&quot;:&quot;&quot;,&quot;orientation&quot;:&quot;0&quot;}\" data-image-title=\"Amencer Serra  do  Caurel, Comprar fotograf\u00eda  de Galicia Serra  do  Caurel N\u00e9boa Decoraci\u00f3n Natureza Paisaxe\" data-image-description=\"\" data-image-caption=\"\" data-medium-file=\"https:\/\/i0.wp.com\/www.imaxesdaterra.com\/wp-content\/uploads\/2017\/05\/PA010-31-serra-do-caurel.jpg?fit=300%2C107&amp;ssl=1\" data-large-file=\"https:\/\/i0.wp.com\/www.imaxesdaterra.com\/wp-content\/uploads\/2017\/05\/PA010-31-serra-do-caurel.jpg?fit=953%2C339&amp;ssl=1\" \/><\/a><\/p>\n"},"caption":{"rendered":""},"alt_text":"Amencer Serra  do  Caurel, Comprar fotograf\u00eda  de Galicia Serra  do  Caurel N\u00e9boa Decoraci\u00f3n Natureza Paisaxe","media_type":"image","mime_type":"image\/jpeg","media_details":{"width":1200,"height":427,"file":"2017\/05\/PA010-31-serra-do-caurel.jpg","sizes":{"thumbnail":{"file":"PA010-31-serra-do-caurel-150x150.jpg","width":150,"height":150,"mime_type":"image\/jpeg","source_url":"https:\/\/i0.wp.com\/www.imaxesdaterra.com\/wp-content\/uploads\/2017\/05\/PA010-31-serra-do-caurel.jpg?resize=150%2C150&ssl=1"},"medium":{"file":"PA010-31-serra-do-caurel-300x107.jpg","width":300,"height":107,"mime_type":"image\/jpeg","source_url":"https:\/\/i0.wp.com\/www.imaxesdaterra.com\/wp-content\/uploads\/2017\/05\/PA010-31-serra-do-caurel.jpg?fit=300%2C107&ssl=1"},"medium_large":{"file":"PA010-31-serra-do-caurel-768x273.jpg","width":768,"height":273,"mime_type":"image\/jpeg","source_url":"https:\/\/i0.wp.com\/www.imaxesdaterra.com\/wp-content\/uploads\/2017\/05\/PA010-31-serra-do-caurel.jpg?fit=768%2C273&ssl=1"},"large":{"file":"PA010-31-serra-do-caurel-1024x364.jpg","width":1024,"height":364,"mime_type":"image\/jpeg","source_url":"https:\/\/i0.wp.com\/www.imaxesdaterra.com\/wp-content\/uploads\/2017\/05\/PA010-31-serra-do-caurel.jpg?fit=953%2C339&ssl=1"},"col-logo":{"file":"PA010-31-serra-do-caurel-110x60.jpg","width":110,"height":60,"mime_type":"image\/jpeg","source_url":"https:\/\/www.imaxesdaterra.com\/wp-content\/uploads\/2017\/05\/PA010-31-serra-do-caurel-110x60.jpg"},"shop_thumbnail":{"file":"PA010-31-serra-do-caurel-197x70.jpg","width":197,"height":70,"mime_type":"image\/jpeg","source_url":"https:\/\/www.imaxesdaterra.com\/wp-content\/uploads\/2017\/05\/PA010-31-serra-do-caurel-197x70.jpg"},"shop_catalog":{"file":"PA010-31-serra-do-caurel-468x167.jpg","width":468,"height":167,"mime_type":"image\/jpeg","source_url":"https:\/\/www.imaxesdaterra.com\/wp-content\/uploads\/2017\/05\/PA010-31-serra-do-caurel-468x167.jpg"},"shop_single":{"file":"PA010-31-serra-do-caurel-869x309.jpg","width":869,"height":309,"mime_type":"image\/jpeg","source_url":"https:\/\/www.imaxesdaterra.com\/wp-content\/uploads\/2017\/05\/PA010-31-serra-do-caurel-869x309.jpg"},"ocin_post":{"file":"PA010-31-serra-do-caurel-853x427.jpg","width":853,"height":427,"mime_type":"image\/jpeg","source_url":"https:\/\/i0.wp.com\/www.imaxesdaterra.com\/wp-content\/uploads\/2017\/05\/PA010-31-serra-do-caurel.jpg?resize=853%2C427&ssl=1"},"ocin_post_single":{"file":"PA010-31-serra-do-caurel-953x339.jpg","width":953,"height":339,"mime_type":"image\/jpeg","source_url":"https:\/\/i0.wp.com\/www.imaxesdaterra.com\/wp-content\/uploads\/2017\/05\/PA010-31-serra-do-caurel.jpg?fit=953%2C339&ssl=1"},"ocin_post_square":{"file":"PA010-31-serra-do-caurel-457x427.jpg","width":457,"height":427,"mime_type":"image\/jpeg","source_url":"https:\/\/i0.wp.com\/www.imaxesdaterra.com\/wp-content\/uploads\/2017\/05\/PA010-31-serra-do-caurel.jpg?fit=457%2C427&ssl=1"},"ocin_shop_catalog_portrait":{"file":"PA010-31-serra-do-caurel-468x427.jpg","width":468,"height":427,"mime_type":"image\/jpeg","source_url":"https:\/\/i0.wp.com\/www.imaxesdaterra.com\/wp-content\/uploads\/2017\/05\/PA010-31-serra-do-caurel.jpg?resize=468%2C427&ssl=1"},"ocin_shop_single_portrait":{"file":"PA010-31-serra-do-caurel-581x427.jpg","width":581,"height":427,"mime_type":"image\/jpeg","source_url":"https:\/\/i0.wp.com\/www.imaxesdaterra.com\/wp-content\/uploads\/2017\/05\/PA010-31-serra-do-caurel.jpg?resize=581%2C427&ssl=1"},"full":{"file":"PA010-31-serra-do-caurel.jpg?fit=1200%2C427&ssl=1","width":1200,"height":427,"mime_type":"image\/jpeg","source_url":"https:\/\/i0.wp.com\/www.imaxesdaterra.com\/wp-content\/uploads\/2017\/05\/PA010-31-serra-do-caurel.jpg?fit=1200%2C427&ssl=1"}},"image_meta":{"aperture":"0","credit":"","camera":"","caption":"","created_timestamp":"0","copyright":"","focal_length":"0","iso":"0","shutter_speed":"0","title":"","orientation":"0","keywords":[]}},"post":4944,"source_url":"https:\/\/www.imaxesdaterra.com\/wp-content\/uploads\/2017\/05\/PA010-31-serra-do-caurel.jpg","_links":{"self":[{"href":"https:\/\/www.imaxesdaterra.com\/gl\/wp-json\/wp\/v2\/media\/4260"}],"collection":[{"href":"https:\/\/www.imaxesdaterra.com\/gl\/wp-json\/wp\/v2\/media"}],"about":[{"href":"https:\/\/www.imaxesdaterra.com\/gl\/wp-json\/wp\/v2\/types\/attachment"}],"author":[{"embeddable":true,"href":"https:\/\/www.imaxesdaterra.com\/gl\/wp-json\/wp\/v2\/users\/1"}],"replies":[{"embeddable":true,"href":"https:\/\/www.imaxesdaterra.com\/gl\/wp-json\/wp\/v2\/comments?post=4260"}],"wp:term":[{"taxonomy":"yst_prominent_words","embeddable":true,"href":"https:\/\/www.imaxesdaterra.com\/gl\/wp-json\/wp\/v2\/yst_prominent_words?post=4260"}],"curies":[{"name":"wp","href":"https:\/\/api.w.org\/{rel}","templated":true}]}}

Amencer Serra  do  Caurel, Comprar fotografía  de Galicia Serra  do  Caurel Néboa Decoración Natureza Paisaxe

<p class="attachment"><a href='https://i0.wp.com/www.imaxesdaterra.com/wp-content/uploads/2017/05/PA010-31-serra-do-caurel.jpg?ssl=1'><img width="300" height="107" src="https://i0.wp.com/www.imaxesdaterra.com/wp-content/uploads/2017/05/PA010-31-serra-do-caurel.jpg?fit=300%2C107&amp;ssl=1" class="attachment-medium size-medium" alt="Amencer Serra  do  Caurel, Comprar fotografía  de Galicia Serra  do  Caurel Néboa Decoración Natureza Paisaxe" decoding="async" loading="lazy" srcset="https://i0.wp.com/www.imaxesdaterra.com/wp-content/uploads/2017/05/PA010-31-serra-do-caurel.jpg?w=1200&amp;ssl=1 1200w, https://i0.wp.com/www.imaxesdaterra.com/wp-content/uploads/2017/05/PA010-31-serra-do-caurel.jpg?resize=300%2C107&amp;ssl=1 300w, https://i0.wp.com/www.imaxesdaterra.com/wp-content/uploads/2017/05/PA010-31-serra-do-caurel.jpg?resize=768%2C273&amp;ssl=1 768w, https://i0.wp.com/www.imaxesdaterra.com/wp-content/uploads/2017/05/PA010-31-serra-do-caurel.jpg?resize=1024%2C364&amp;ssl=1 1024w, https://i0.wp.com/www.imaxesdaterra.com/wp-content/uploads/2017/05/PA010-31-serra-do-caurel.jpg?resize=197%2C70&amp;ssl=1 197w, https://i0.wp.com/www.imaxesdaterra.com/wp-content/uploads/2017/05/PA010-31-serra-do-caurel.jpg?resize=468%2C167&amp;ssl=1 468w, https://i0.wp.com/www.imaxesdaterra.com/wp-content/uploads/2017/05/PA010-31-serra-do-caurel.jpg?resize=869%2C309&amp;ssl=1 869w, https://i0.wp.com/www.imaxesdaterra.com/wp-content/uploads/2017/05/PA010-31-serra-do-caurel.jpg?resize=953%2C339&amp;ssl=1 953w" sizes="(max-width: 300px) 100vw, 300px" data-attachment-id="4260" data-permalink="https://www.imaxesdaterra.com/gl/?attachment_id=4260" data-orig-file="https://i0.wp.com/www.imaxesdaterra.com/wp-content/uploads/2017/05/PA010-31-serra-do-caurel.jpg?fit=1200%2C427&amp;ssl=1" data-orig-size="1200,427" data-comments-opened="0" data-image-meta="{&quot;aperture&quot;:&quot;0&quot;,&quot;credit&quot;:&quot;&quot;,&quot;camera&quot;:&quot;&quot;,&quot;caption&quot;:&quot;&quot;,&quot;created_timestamp&quot;:&quot;0&quot;,&quot;copyright&quot;:&quot;&quot;,&quot;focal_length&quot;:&quot;0&quot;,&quot;iso&quot;:&quot;0&quot;,&quot;shutter_speed&quot;:&quot;0&quot;,&quot;title&quot;:&quot;&quot;,&quot;orientation&quot;:&quot;0&quot;}" data-image-title="Amencer Serra  do  Caurel, Comprar fotografía  de Galicia Serra  do  Caurel Néboa Decoración Natureza Paisaxe" data-image-description="" data-image-caption="" data-medium-file="https://i0.wp.com/www.imaxesdaterra.com/wp-content/uploads/2017/05/PA010-31-serra-do-caurel.jpg?fit=300%2C107&amp;ssl=1" data-large-file="https://i0.wp.com/www.imaxesdaterra.com/wp-content/uploads/2017/05/PA010-31-serra-do-caurel.jpg?fit=953%2C339&amp;ssl=1" /></a></p>
