{"id":4172,"date":"2017-11-23T18:44:34","date_gmt":"2017-11-23T18:44:34","guid":{"rendered":"https:\/\/www.imaxesdaterra.com\/wp-content\/uploads\/2017\/05\/NA020-31-besta-fermosa-sabucedo.jpg"},"modified":"2017-11-29T09:25:03","modified_gmt":"2017-11-29T09:25:03","slug":"na020-31-besta-fermosa-sabucedo-2","status":"inherit","type":"attachment","link":"https:\/\/www.imaxesdaterra.com\/gl\/?attachment_id=4172","title":{"rendered":"Besta  fermosa de  Sabucedo, Comprar fotograf\u00eda Galicia Festa Rapa d\u00e1s  Bestas de  Sabucedo Cabalos  NaturalezaPaisajes Decoraci\u00f3n"},"author":1,"comment_status":"closed","ping_status":"closed","template":"","meta":{"jetpack_post_was_ever_published":false},"yst_prominent_words":[],"jetpack_sharing_enabled":true,"jetpack_shortlink":"https:\/\/wp.me\/a8tMdy-15i","description":{"rendered":"<p class=\"attachment\"><a href='https:\/\/i0.wp.com\/www.imaxesdaterra.com\/wp-content\/uploads\/2017\/05\/NA020-31-besta-fermosa-sabucedo.jpg?ssl=1'><img width=\"300\" height=\"107\" src=\"https:\/\/i0.wp.com\/www.imaxesdaterra.com\/wp-content\/uploads\/2017\/05\/NA020-31-besta-fermosa-sabucedo.jpg?fit=300%2C107&ssl=1\" class=\"attachment-medium size-medium\" alt=\"Besta  fermosa de  Sabucedo, Comprar fotograf\u00eda Galicia Festa Rapa d\u00e1s  Bestas de  Sabucedo Cabalos  NaturalezaPaisajes Decoraci\u00f3n\" decoding=\"async\" loading=\"lazy\" srcset=\"https:\/\/i0.wp.com\/www.imaxesdaterra.com\/wp-content\/uploads\/2017\/05\/NA020-31-besta-fermosa-sabucedo.jpg?w=1200&ssl=1 1200w, https:\/\/i0.wp.com\/www.imaxesdaterra.com\/wp-content\/uploads\/2017\/05\/NA020-31-besta-fermosa-sabucedo.jpg?resize=300%2C107&ssl=1 300w, https:\/\/i0.wp.com\/www.imaxesdaterra.com\/wp-content\/uploads\/2017\/05\/NA020-31-besta-fermosa-sabucedo.jpg?resize=768%2C273&ssl=1 768w, https:\/\/i0.wp.com\/www.imaxesdaterra.com\/wp-content\/uploads\/2017\/05\/NA020-31-besta-fermosa-sabucedo.jpg?resize=1024%2C364&ssl=1 1024w, https:\/\/i0.wp.com\/www.imaxesdaterra.com\/wp-content\/uploads\/2017\/05\/NA020-31-besta-fermosa-sabucedo.jpg?resize=468%2C167&ssl=1 468w, https:\/\/i0.wp.com\/www.imaxesdaterra.com\/wp-content\/uploads\/2017\/05\/NA020-31-besta-fermosa-sabucedo.jpg?resize=869%2C309&ssl=1 869w, https:\/\/i0.wp.com\/www.imaxesdaterra.com\/wp-content\/uploads\/2017\/05\/NA020-31-besta-fermosa-sabucedo.jpg?resize=953%2C339&ssl=1 953w\" sizes=\"(max-width: 300px) 100vw, 300px\" data-attachment-id=\"4172\" data-permalink=\"https:\/\/www.imaxesdaterra.com\/gl\/?attachment_id=4172\" data-orig-file=\"https:\/\/i0.wp.com\/www.imaxesdaterra.com\/wp-content\/uploads\/2017\/05\/NA020-31-besta-fermosa-sabucedo.jpg?fit=1200%2C427&ssl=1\" data-orig-size=\"1200,427\" data-comments-opened=\"0\" data-image-meta=\"{&quot;aperture&quot;:&quot;0&quot;,&quot;credit&quot;:&quot;&quot;,&quot;camera&quot;:&quot;&quot;,&quot;caption&quot;:&quot;&quot;,&quot;created_timestamp&quot;:&quot;0&quot;,&quot;copyright&quot;:&quot;&quot;,&quot;focal_length&quot;:&quot;0&quot;,&quot;iso&quot;:&quot;0&quot;,&quot;shutter_speed&quot;:&quot;0&quot;,&quot;title&quot;:&quot;&quot;,&quot;orientation&quot;:&quot;0&quot;}\" data-image-title=\"Besta  fermosa de  Sabucedo, Comprar fotograf\u00eda Galicia Festa Rapa d\u00e1s  Bestas de  Sabucedo Cabalos  NaturalezaPaisajes Decoraci\u00f3n\" data-image-description=\"\" data-image-caption=\"\" data-medium-file=\"https:\/\/i0.wp.com\/www.imaxesdaterra.com\/wp-content\/uploads\/2017\/05\/NA020-31-besta-fermosa-sabucedo.jpg?fit=300%2C107&ssl=1\" data-large-file=\"https:\/\/i0.wp.com\/www.imaxesdaterra.com\/wp-content\/uploads\/2017\/05\/NA020-31-besta-fermosa-sabucedo.jpg?fit=953%2C339&ssl=1\" \/><\/a><\/p>\n"},"caption":{"rendered":""},"alt_text":"Besta  fermosa de  Sabucedo, Comprar fotograf\u00eda Galicia Festa Rapa d\u00e1s  Bestas de  Sabucedo Cabalos  NaturalezaPaisajes Decoraci\u00f3n","media_type":"image","mime_type":"image\/jpeg","media_details":{"width":1200,"height":427,"file":"2017\/05\/NA020-31-besta-fermosa-sabucedo.jpg","sizes":{"thumbnail":{"file":"NA020-31-besta-fermosa-sabucedo-150x150.jpg","width":150,"height":150,"mime_type":"image\/jpeg","source_url":"https:\/\/i0.wp.com\/www.imaxesdaterra.com\/wp-content\/uploads\/2017\/05\/NA020-31-besta-fermosa-sabucedo.jpg?resize=150%2C150&ssl=1"},"medium":{"file":"NA020-31-besta-fermosa-sabucedo-300x107.jpg","width":300,"height":107,"mime_type":"image\/jpeg","source_url":"https:\/\/i0.wp.com\/www.imaxesdaterra.com\/wp-content\/uploads\/2017\/05\/NA020-31-besta-fermosa-sabucedo.jpg?fit=300%2C107&ssl=1"},"medium_large":{"file":"NA020-31-besta-fermosa-sabucedo-768x273.jpg","width":768,"height":273,"mime_type":"image\/jpeg","source_url":"https:\/\/i0.wp.com\/www.imaxesdaterra.com\/wp-content\/uploads\/2017\/05\/NA020-31-besta-fermosa-sabucedo.jpg?fit=768%2C273&ssl=1"},"large":{"file":"NA020-31-besta-fermosa-sabucedo-1024x364.jpg","width":1024,"height":364,"mime_type":"image\/jpeg","source_url":"https:\/\/i0.wp.com\/www.imaxesdaterra.com\/wp-content\/uploads\/2017\/05\/NA020-31-besta-fermosa-sabucedo.jpg?fit=953%2C339&ssl=1"},"col-logo":{"file":"NA020-31-besta-fermosa-sabucedo-110x60.jpg","width":110,"height":60,"mime_type":"image\/jpeg","source_url":"https:\/\/www.imaxesdaterra.com\/wp-content\/uploads\/2017\/05\/NA020-31-besta-fermosa-sabucedo-110x60.jpg"},"shop_thumbnail":{"file":"NA020-31-besta-fermosa-sabucedo-100x100.jpg","width":100,"height":100,"mime_type":"image\/jpeg","source_url":"https:\/\/www.imaxesdaterra.com\/wp-content\/uploads\/2017\/05\/NA020-31-besta-fermosa-sabucedo-100x100.jpg"},"shop_catalog":{"file":"NA020-31-besta-fermosa-sabucedo-468x167.jpg","width":468,"height":167,"mime_type":"image\/jpeg","source_url":"https:\/\/www.imaxesdaterra.com\/wp-content\/uploads\/2017\/05\/NA020-31-besta-fermosa-sabucedo-468x167.jpg"},"shop_single":{"file":"NA020-31-besta-fermosa-sabucedo-869x309.jpg","width":869,"height":309,"mime_type":"image\/jpeg","source_url":"https:\/\/www.imaxesdaterra.com\/wp-content\/uploads\/2017\/05\/NA020-31-besta-fermosa-sabucedo-869x309.jpg"},"ocin_post":{"file":"NA020-31-besta-fermosa-sabucedo-853x427.jpg","width":853,"height":427,"mime_type":"image\/jpeg","source_url":"https:\/\/i0.wp.com\/www.imaxesdaterra.com\/wp-content\/uploads\/2017\/05\/NA020-31-besta-fermosa-sabucedo.jpg?resize=853%2C427&ssl=1"},"ocin_post_single":{"file":"NA020-31-besta-fermosa-sabucedo-953x339.jpg","width":953,"height":339,"mime_type":"image\/jpeg","source_url":"https:\/\/i0.wp.com\/www.imaxesdaterra.com\/wp-content\/uploads\/2017\/05\/NA020-31-besta-fermosa-sabucedo.jpg?fit=953%2C339&ssl=1"},"ocin_post_square":{"file":"NA020-31-besta-fermosa-sabucedo-457x427.jpg","width":457,"height":427,"mime_type":"image\/jpeg","source_url":"https:\/\/i0.wp.com\/www.imaxesdaterra.com\/wp-content\/uploads\/2017\/05\/NA020-31-besta-fermosa-sabucedo.jpg?fit=457%2C427&ssl=1"},"ocin_shop_catalog_portrait":{"file":"NA020-31-besta-fermosa-sabucedo-468x427.jpg","width":468,"height":427,"mime_type":"image\/jpeg","source_url":"https:\/\/i0.wp.com\/www.imaxesdaterra.com\/wp-content\/uploads\/2017\/05\/NA020-31-besta-fermosa-sabucedo.jpg?resize=468%2C427&ssl=1"},"ocin_shop_single_portrait":{"file":"NA020-31-besta-fermosa-sabucedo-581x427.jpg","width":581,"height":427,"mime_type":"image\/jpeg","source_url":"https:\/\/i0.wp.com\/www.imaxesdaterra.com\/wp-content\/uploads\/2017\/05\/NA020-31-besta-fermosa-sabucedo.jpg?resize=581%2C427&ssl=1"},"full":{"file":"NA020-31-besta-fermosa-sabucedo.jpg?fit=1200%2C427&ssl=1","width":1200,"height":427,"mime_type":"image\/jpeg","source_url":"https:\/\/i0.wp.com\/www.imaxesdaterra.com\/wp-content\/uploads\/2017\/05\/NA020-31-besta-fermosa-sabucedo.jpg?fit=1200%2C427&ssl=1"}},"image_meta":{"aperture":"0","credit":"","camera":"","caption":"","created_timestamp":"0","copyright":"","focal_length":"0","iso":"0","shutter_speed":"0","title":"","orientation":"0","keywords":[]}},"post":5139,"source_url":"https:\/\/www.imaxesdaterra.com\/wp-content\/uploads\/2017\/05\/NA020-31-besta-fermosa-sabucedo.jpg","_links":{"self":[{"href":"https:\/\/www.imaxesdaterra.com\/gl\/wp-json\/wp\/v2\/media\/4172"}],"collection":[{"href":"https:\/\/www.imaxesdaterra.com\/gl\/wp-json\/wp\/v2\/media"}],"about":[{"href":"https:\/\/www.imaxesdaterra.com\/gl\/wp-json\/wp\/v2\/types\/attachment"}],"author":[{"embeddable":true,"href":"https:\/\/www.imaxesdaterra.com\/gl\/wp-json\/wp\/v2\/users\/1"}],"replies":[{"embeddable":true,"href":"https:\/\/www.imaxesdaterra.com\/gl\/wp-json\/wp\/v2\/comments?post=4172"}],"wp:term":[{"taxonomy":"yst_prominent_words","embeddable":true,"href":"https:\/\/www.imaxesdaterra.com\/gl\/wp-json\/wp\/v2\/yst_prominent_words?post=4172"}],"curies":[{"name":"wp","href":"https:\/\/api.w.org\/{rel}","templated":true}]}}

Besta  fermosa de  Sabucedo, Comprar fotografía Galicia Festa Rapa dás  Bestas de  Sabucedo Cabalos  NaturalezaPaisajes Decoración

<p class="attachment"><a href='https://i0.wp.com/www.imaxesdaterra.com/wp-content/uploads/2017/05/NA020-31-besta-fermosa-sabucedo.jpg?ssl=1'><img width="300" height="107" src="https://i0.wp.com/www.imaxesdaterra.com/wp-content/uploads/2017/05/NA020-31-besta-fermosa-sabucedo.jpg?fit=300%2C107&ssl=1" class="attachment-medium size-medium" alt="Besta  fermosa de  Sabucedo, Comprar fotografía Galicia Festa Rapa dás  Bestas de  Sabucedo Cabalos  NaturalezaPaisajes Decoración" decoding="async" loading="lazy" srcset="https://i0.wp.com/www.imaxesdaterra.com/wp-content/uploads/2017/05/NA020-31-besta-fermosa-sabucedo.jpg?w=1200&ssl=1 1200w, https://i0.wp.com/www.imaxesdaterra.com/wp-content/uploads/2017/05/NA020-31-besta-fermosa-sabucedo.jpg?resize=300%2C107&ssl=1 300w, https://i0.wp.com/www.imaxesdaterra.com/wp-content/uploads/2017/05/NA020-31-besta-fermosa-sabucedo.jpg?resize=768%2C273&ssl=1 768w, https://i0.wp.com/www.imaxesdaterra.com/wp-content/uploads/2017/05/NA020-31-besta-fermosa-sabucedo.jpg?resize=1024%2C364&ssl=1 1024w, https://i0.wp.com/www.imaxesdaterra.com/wp-content/uploads/2017/05/NA020-31-besta-fermosa-sabucedo.jpg?resize=468%2C167&ssl=1 468w, https://i0.wp.com/www.imaxesdaterra.com/wp-content/uploads/2017/05/NA020-31-besta-fermosa-sabucedo.jpg?resize=869%2C309&ssl=1 869w, https://i0.wp.com/www.imaxesdaterra.com/wp-content/uploads/2017/05/NA020-31-besta-fermosa-sabucedo.jpg?resize=953%2C339&ssl=1 953w" sizes="(max-width: 300px) 100vw, 300px" data-attachment-id="4172" data-permalink="https://www.imaxesdaterra.com/gl/?attachment_id=4172" data-orig-file="https://i0.wp.com/www.imaxesdaterra.com/wp-content/uploads/2017/05/NA020-31-besta-fermosa-sabucedo.jpg?fit=1200%2C427&ssl=1" data-orig-size="1200,427" data-comments-opened="0" data-image-meta="{&quot;aperture&quot;:&quot;0&quot;,&quot;credit&quot;:&quot;&quot;,&quot;camera&quot;:&quot;&quot;,&quot;caption&quot;:&quot;&quot;,&quot;created_timestamp&quot;:&quot;0&quot;,&quot;copyright&quot;:&quot;&quot;,&quot;focal_length&quot;:&quot;0&quot;,&quot;iso&quot;:&quot;0&quot;,&quot;shutter_speed&quot;:&quot;0&quot;,&quot;title&quot;:&quot;&quot;,&quot;orientation&quot;:&quot;0&quot;}" data-image-title="Besta  fermosa de  Sabucedo, Comprar fotografía Galicia Festa Rapa dás  Bestas de  Sabucedo Cabalos  NaturalezaPaisajes Decoración" data-image-description="" data-image-caption="" data-medium-file="https://i0.wp.com/www.imaxesdaterra.com/wp-content/uploads/2017/05/NA020-31-besta-fermosa-sabucedo.jpg?fit=300%2C107&ssl=1" data-large-file="https://i0.wp.com/www.imaxesdaterra.com/wp-content/uploads/2017/05/NA020-31-besta-fermosa-sabucedo.jpg?fit=953%2C339&ssl=1" /></a></p>
