{"id":12502,"date":"2021-02-19T16:42:07","date_gmt":"2021-02-19T16:42:07","guid":{"rendered":"https:\/\/www.imaxesdaterra.com\/wp-content\/uploads\/2017\/11\/ME006_31-dolmen-cabaleiros-tordoia2020.jpg"},"modified":"2021-02-19T16:42:28","modified_gmt":"2021-02-19T16:42:28","slug":"me006_31-dolmen-cabaleiros-tordoia2020-2","status":"inherit","type":"attachment","link":"https:\/\/www.imaxesdaterra.com\/gl\/?attachment_id=12502","title":{"rendered":"ME006_31-dolmen-cabaleiros-tordoia2020"},"author":1,"comment_status":"closed","ping_status":"closed","template":"","meta":{"jetpack_post_was_ever_published":false},"yst_prominent_words":[],"jetpack_sharing_enabled":true,"jetpack_shortlink":"https:\/\/wp.me\/a8tMdy-3fE","description":{"rendered":"<p class=\"attachment\"><a href='https:\/\/i0.wp.com\/www.imaxesdaterra.com\/wp-content\/uploads\/2017\/11\/ME006_31-dolmen-cabaleiros-tordoia2020.jpg?ssl=1'><img width=\"300\" height=\"105\" src=\"https:\/\/i0.wp.com\/www.imaxesdaterra.com\/wp-content\/uploads\/2017\/11\/ME006_31-dolmen-cabaleiros-tordoia2020.jpg?fit=300%2C105&ssl=1\" class=\"attachment-medium size-medium\" alt=\"Dolmen de Cabaleiros Tordoia\" decoding=\"async\" loading=\"lazy\" srcset=\"https:\/\/i0.wp.com\/www.imaxesdaterra.com\/wp-content\/uploads\/2017\/11\/ME006_31-dolmen-cabaleiros-tordoia2020.jpg?w=1540&ssl=1 1540w, https:\/\/i0.wp.com\/www.imaxesdaterra.com\/wp-content\/uploads\/2017\/11\/ME006_31-dolmen-cabaleiros-tordoia2020.jpg?resize=300%2C105&ssl=1 300w, https:\/\/i0.wp.com\/www.imaxesdaterra.com\/wp-content\/uploads\/2017\/11\/ME006_31-dolmen-cabaleiros-tordoia2020.jpg?resize=768%2C269&ssl=1 768w, https:\/\/i0.wp.com\/www.imaxesdaterra.com\/wp-content\/uploads\/2017\/11\/ME006_31-dolmen-cabaleiros-tordoia2020.jpg?resize=1024%2C359&ssl=1 1024w, https:\/\/i0.wp.com\/www.imaxesdaterra.com\/wp-content\/uploads\/2017\/11\/ME006_31-dolmen-cabaleiros-tordoia2020.jpg?resize=953%2C334&ssl=1 953w, https:\/\/i0.wp.com\/www.imaxesdaterra.com\/wp-content\/uploads\/2017\/11\/ME006_31-dolmen-cabaleiros-tordoia2020.jpg?resize=457%2C160&ssl=1 457w, https:\/\/i0.wp.com\/www.imaxesdaterra.com\/wp-content\/uploads\/2017\/11\/ME006_31-dolmen-cabaleiros-tordoia2020.jpg?resize=468%2C164&ssl=1 468w, https:\/\/i0.wp.com\/www.imaxesdaterra.com\/wp-content\/uploads\/2017\/11\/ME006_31-dolmen-cabaleiros-tordoia2020.jpg?resize=869%2C305&ssl=1 869w\" sizes=\"(max-width: 300px) 100vw, 300px\" data-attachment-id=\"12502\" data-permalink=\"https:\/\/www.imaxesdaterra.com\/gl\/?attachment_id=12502\" data-orig-file=\"https:\/\/i0.wp.com\/www.imaxesdaterra.com\/wp-content\/uploads\/2017\/11\/ME006_31-dolmen-cabaleiros-tordoia2020.jpg?fit=1540%2C540&ssl=1\" data-orig-size=\"1540,540\" data-comments-opened=\"0\" data-image-meta=\"{&quot;aperture&quot;:&quot;0&quot;,&quot;credit&quot;:&quot;&quot;,&quot;camera&quot;:&quot;&quot;,&quot;caption&quot;:&quot;&quot;,&quot;created_timestamp&quot;:&quot;0&quot;,&quot;copyright&quot;:&quot;&quot;,&quot;focal_length&quot;:&quot;0&quot;,&quot;iso&quot;:&quot;0&quot;,&quot;shutter_speed&quot;:&quot;0&quot;,&quot;title&quot;:&quot;&quot;,&quot;orientation&quot;:&quot;0&quot;}\" data-image-title=\"ME006_31-dolmen-cabaleiros-tordoia2020\" data-image-description=\"<p>Dolmen de Cabaleiros Tordoia, Comprar fotograf\u00eda  de Galicia Dolmen de Cabaleiros Tordoia A Coru\u00f1a Neol\u00edtico Decoraci\u00f3n<\/p>\n\" data-image-caption=\"\" data-medium-file=\"https:\/\/i0.wp.com\/www.imaxesdaterra.com\/wp-content\/uploads\/2017\/11\/ME006_31-dolmen-cabaleiros-tordoia2020.jpg?fit=300%2C105&ssl=1\" data-large-file=\"https:\/\/i0.wp.com\/www.imaxesdaterra.com\/wp-content\/uploads\/2017\/11\/ME006_31-dolmen-cabaleiros-tordoia2020.jpg?fit=953%2C334&ssl=1\" \/><\/a><\/p>\n<p>Dolmen de Cabaleiros Tordoia, Comprar fotograf\u00eda  de Galicia Dolmen de Cabaleiros Tordoia A Coru\u00f1a Neol\u00edtico Decoraci\u00f3n<\/p>\n"},"caption":{"rendered":"<p>Dolmen de Cabaleiros Tordoia, Comprar fotograf\u00eda de Galicia Dolmen de Cabaleiros Tordoia A Coru\u00f1a Neol\u00edtico Decoraci\u00f3n<\/p>\n"},"alt_text":"Dolmen de Cabaleiros Tordoia","media_type":"image","mime_type":"image\/jpeg","media_details":{"width":1540,"height":540,"file":"2017\/11\/ME006_31-dolmen-cabaleiros-tordoia2020.jpg","sizes":{"thumbnail":{"file":"ME006_31-dolmen-cabaleiros-tordoia2020-150x150.jpg","width":150,"height":150,"mime_type":"image\/jpeg","source_url":"https:\/\/i0.wp.com\/www.imaxesdaterra.com\/wp-content\/uploads\/2017\/11\/ME006_31-dolmen-cabaleiros-tordoia2020.jpg?resize=150%2C150&ssl=1"},"medium":{"file":"ME006_31-dolmen-cabaleiros-tordoia2020-300x105.jpg","width":300,"height":105,"mime_type":"image\/jpeg","source_url":"https:\/\/i0.wp.com\/www.imaxesdaterra.com\/wp-content\/uploads\/2017\/11\/ME006_31-dolmen-cabaleiros-tordoia2020.jpg?fit=300%2C105&ssl=1"},"medium_large":{"file":"ME006_31-dolmen-cabaleiros-tordoia2020-768x269.jpg","width":768,"height":269,"mime_type":"image\/jpeg","source_url":"https:\/\/i0.wp.com\/www.imaxesdaterra.com\/wp-content\/uploads\/2017\/11\/ME006_31-dolmen-cabaleiros-tordoia2020.jpg?fit=768%2C269&ssl=1"},"large":{"file":"ME006_31-dolmen-cabaleiros-tordoia2020-1024x359.jpg","width":1024,"height":359,"mime_type":"image\/jpeg","source_url":"https:\/\/i0.wp.com\/www.imaxesdaterra.com\/wp-content\/uploads\/2017\/11\/ME006_31-dolmen-cabaleiros-tordoia2020.jpg?fit=953%2C334&ssl=1"},"ocin_post":{"file":"ME006_31-dolmen-cabaleiros-tordoia2020-853x480.jpg","width":853,"height":480,"mime_type":"image\/jpeg","source_url":"https:\/\/i0.wp.com\/www.imaxesdaterra.com\/wp-content\/uploads\/2017\/11\/ME006_31-dolmen-cabaleiros-tordoia2020.jpg?resize=853%2C480&ssl=1"},"ocin_post_single":{"file":"ME006_31-dolmen-cabaleiros-tordoia2020-953x334.jpg","width":953,"height":334,"mime_type":"image\/jpeg","source_url":"https:\/\/i0.wp.com\/www.imaxesdaterra.com\/wp-content\/uploads\/2017\/11\/ME006_31-dolmen-cabaleiros-tordoia2020.jpg?fit=953%2C334&ssl=1"},"ocin_post_square":{"file":"ME006_31-dolmen-cabaleiros-tordoia2020-457x160.jpg","width":457,"height":160,"mime_type":"image\/jpeg","source_url":"https:\/\/i0.wp.com\/www.imaxesdaterra.com\/wp-content\/uploads\/2017\/11\/ME006_31-dolmen-cabaleiros-tordoia2020.jpg?fit=457%2C160&ssl=1"},"ocin_shop_catalog_portrait":{"file":"ME006_31-dolmen-cabaleiros-tordoia2020-468x540.jpg","width":468,"height":540,"mime_type":"image\/jpeg","source_url":"https:\/\/i0.wp.com\/www.imaxesdaterra.com\/wp-content\/uploads\/2017\/11\/ME006_31-dolmen-cabaleiros-tordoia2020.jpg?resize=468%2C540&ssl=1"},"ocin_shop_single_portrait":{"file":"ME006_31-dolmen-cabaleiros-tordoia2020-581x540.jpg","width":581,"height":540,"mime_type":"image\/jpeg","source_url":"https:\/\/i0.wp.com\/www.imaxesdaterra.com\/wp-content\/uploads\/2017\/11\/ME006_31-dolmen-cabaleiros-tordoia2020.jpg?resize=581%2C540&ssl=1"},"woocommerce_thumbnail":{"file":"ME006_31-dolmen-cabaleiros-tordoia2020-468x164.jpg","width":468,"height":164,"mime_type":"image\/jpeg","source_url":"https:\/\/i0.wp.com\/www.imaxesdaterra.com\/wp-content\/uploads\/2017\/11\/ME006_31-dolmen-cabaleiros-tordoia2020.jpg?fit=468%2C164&ssl=1"},"woocommerce_single":{"file":"ME006_31-dolmen-cabaleiros-tordoia2020-869x305.jpg","width":869,"height":305,"mime_type":"image\/jpeg","source_url":"https:\/\/i0.wp.com\/www.imaxesdaterra.com\/wp-content\/uploads\/2017\/11\/ME006_31-dolmen-cabaleiros-tordoia2020.jpg?fit=869%2C305&ssl=1"},"woocommerce_gallery_thumbnail":{"file":"ME006_31-dolmen-cabaleiros-tordoia2020-100x100.jpg","width":100,"height":100,"mime_type":"image\/jpeg","source_url":"https:\/\/i0.wp.com\/www.imaxesdaterra.com\/wp-content\/uploads\/2017\/11\/ME006_31-dolmen-cabaleiros-tordoia2020.jpg?resize=100%2C100&ssl=1"},"shop_catalog":{"file":"ME006_31-dolmen-cabaleiros-tordoia2020-468x164.jpg","width":468,"height":164,"mime_type":"image\/jpeg","source_url":"https:\/\/www.imaxesdaterra.com\/wp-content\/uploads\/2017\/11\/ME006_31-dolmen-cabaleiros-tordoia2020-468x164.jpg"},"shop_single":{"file":"ME006_31-dolmen-cabaleiros-tordoia2020-869x305.jpg","width":869,"height":305,"mime_type":"image\/jpeg","source_url":"https:\/\/www.imaxesdaterra.com\/wp-content\/uploads\/2017\/11\/ME006_31-dolmen-cabaleiros-tordoia2020-869x305.jpg"},"shop_thumbnail":{"file":"ME006_31-dolmen-cabaleiros-tordoia2020-100x100.jpg","width":100,"height":100,"mime_type":"image\/jpeg","source_url":"https:\/\/www.imaxesdaterra.com\/wp-content\/uploads\/2017\/11\/ME006_31-dolmen-cabaleiros-tordoia2020-100x100.jpg"},"full":{"file":"ME006_31-dolmen-cabaleiros-tordoia2020.jpg?fit=1540%2C540&ssl=1","width":1540,"height":540,"mime_type":"image\/jpeg","source_url":"https:\/\/i0.wp.com\/www.imaxesdaterra.com\/wp-content\/uploads\/2017\/11\/ME006_31-dolmen-cabaleiros-tordoia2020.jpg?fit=1540%2C540&ssl=1"}},"image_meta":{"aperture":"0","credit":"","camera":"","caption":"","created_timestamp":"0","copyright":"","focal_length":"0","iso":"0","shutter_speed":"0","title":"","orientation":"0","keywords":[]}},"post":5165,"source_url":"https:\/\/www.imaxesdaterra.com\/wp-content\/uploads\/2017\/11\/ME006_31-dolmen-cabaleiros-tordoia2020.jpg","_links":{"self":[{"href":"https:\/\/www.imaxesdaterra.com\/gl\/wp-json\/wp\/v2\/media\/12502"}],"collection":[{"href":"https:\/\/www.imaxesdaterra.com\/gl\/wp-json\/wp\/v2\/media"}],"about":[{"href":"https:\/\/www.imaxesdaterra.com\/gl\/wp-json\/wp\/v2\/types\/attachment"}],"author":[{"embeddable":true,"href":"https:\/\/www.imaxesdaterra.com\/gl\/wp-json\/wp\/v2\/users\/1"}],"replies":[{"embeddable":true,"href":"https:\/\/www.imaxesdaterra.com\/gl\/wp-json\/wp\/v2\/comments?post=12502"}],"wp:term":[{"taxonomy":"yst_prominent_words","embeddable":true,"href":"https:\/\/www.imaxesdaterra.com\/gl\/wp-json\/wp\/v2\/yst_prominent_words?post=12502"}],"curies":[{"name":"wp","href":"https:\/\/api.w.org\/{rel}","templated":true}]}}

<p class="attachment"><a href='https://i0.wp.com/www.imaxesdaterra.com/wp-content/uploads/2017/11/ME006_31-dolmen-cabaleiros-tordoia2020.jpg?ssl=1'><img width="300" height="105" src="https://i0.wp.com/www.imaxesdaterra.com/wp-content/uploads/2017/11/ME006_31-dolmen-cabaleiros-tordoia2020.jpg?fit=300%2C105&ssl=1" class="attachment-medium size-medium" alt="Dolmen de Cabaleiros Tordoia" decoding="async" loading="lazy" srcset="https://i0.wp.com/www.imaxesdaterra.com/wp-content/uploads/2017/11/ME006_31-dolmen-cabaleiros-tordoia2020.jpg?w=1540&ssl=1 1540w, https://i0.wp.com/www.imaxesdaterra.com/wp-content/uploads/2017/11/ME006_31-dolmen-cabaleiros-tordoia2020.jpg?resize=300%2C105&ssl=1 300w, https://i0.wp.com/www.imaxesdaterra.com/wp-content/uploads/2017/11/ME006_31-dolmen-cabaleiros-tordoia2020.jpg?resize=768%2C269&ssl=1 768w, https://i0.wp.com/www.imaxesdaterra.com/wp-content/uploads/2017/11/ME006_31-dolmen-cabaleiros-tordoia2020.jpg?resize=1024%2C359&ssl=1 1024w, https://i0.wp.com/www.imaxesdaterra.com/wp-content/uploads/2017/11/ME006_31-dolmen-cabaleiros-tordoia2020.jpg?resize=953%2C334&ssl=1 953w, https://i0.wp.com/www.imaxesdaterra.com/wp-content/uploads/2017/11/ME006_31-dolmen-cabaleiros-tordoia2020.jpg?resize=457%2C160&ssl=1 457w, https://i0.wp.com/www.imaxesdaterra.com/wp-content/uploads/2017/11/ME006_31-dolmen-cabaleiros-tordoia2020.jpg?resize=468%2C164&ssl=1 468w, https://i0.wp.com/www.imaxesdaterra.com/wp-content/uploads/2017/11/ME006_31-dolmen-cabaleiros-tordoia2020.jpg?resize=869%2C305&ssl=1 869w" sizes="(max-width: 300px) 100vw, 300px" data-attachment-id="12502" data-permalink="https://www.imaxesdaterra.com/gl/?attachment_id=12502" data-orig-file="https://i0.wp.com/www.imaxesdaterra.com/wp-content/uploads/2017/11/ME006_31-dolmen-cabaleiros-tordoia2020.jpg?fit=1540%2C540&ssl=1" data-orig-size="1540,540" data-comments-opened="0" data-image-meta="{&quot;aperture&quot;:&quot;0&quot;,&quot;credit&quot;:&quot;&quot;,&quot;camera&quot;:&quot;&quot;,&quot;caption&quot;:&quot;&quot;,&quot;created_timestamp&quot;:&quot;0&quot;,&quot;copyright&quot;:&quot;&quot;,&quot;focal_length&quot;:&quot;0&quot;,&quot;iso&quot;:&quot;0&quot;,&quot;shutter_speed&quot;:&quot;0&quot;,&quot;title&quot;:&quot;&quot;,&quot;orientation&quot;:&quot;0&quot;}" data-image-title="ME006_31-dolmen-cabaleiros-tordoia2020" data-image-description="<p>Dolmen de Cabaleiros Tordoia, Comprar fotografía  de Galicia Dolmen de Cabaleiros Tordoia A Coruña Neolítico Decoración</p>
" data-image-caption="" data-medium-file="https://i0.wp.com/www.imaxesdaterra.com/wp-content/uploads/2017/11/ME006_31-dolmen-cabaleiros-tordoia2020.jpg?fit=300%2C105&ssl=1" data-large-file="https://i0.wp.com/www.imaxesdaterra.com/wp-content/uploads/2017/11/ME006_31-dolmen-cabaleiros-tordoia2020.jpg?fit=953%2C334&ssl=1" /></a></p>
<p>Dolmen de Cabaleiros Tordoia, Comprar fotografía  de Galicia Dolmen de Cabaleiros Tordoia A Coruña Neolítico Decoración</p>

<p>Dolmen de Cabaleiros Tordoia, Comprar fotografía de Galicia Dolmen de Cabaleiros Tordoia A Coruña Neolítico Decoración</p>
