{"id":12468,"date":"2021-02-09T16:55:40","date_gmt":"2021-02-09T16:55:40","guid":{"rendered":"https:\/\/www.imaxesdaterra.com\/wp-content\/uploads\/2017\/11\/AS019_islascies2020.jpg"},"modified":"2021-02-09T16:56:19","modified_gmt":"2021-02-09T16:56:19","slug":"as019_islascies2020-2","status":"inherit","type":"attachment","link":"https:\/\/www.imaxesdaterra.com\/gl\/?attachment_id=12468","title":{"rendered":"Islas Cies, Comprar fotograf\u00eda  de Galicia"},"author":1,"comment_status":"closed","ping_status":"closed","template":"","meta":{"jetpack_post_was_ever_published":false},"yst_prominent_words":[],"jetpack_sharing_enabled":true,"jetpack_shortlink":"https:\/\/wp.me\/a8tMdy-3f6","description":{"rendered":"<p class=\"attachment\"><a href='https:\/\/i0.wp.com\/www.imaxesdaterra.com\/wp-content\/uploads\/2017\/11\/AS019_islascies2020.jpg?ssl=1'><img width=\"300\" height=\"113\" src=\"https:\/\/i0.wp.com\/www.imaxesdaterra.com\/wp-content\/uploads\/2017\/11\/AS019_islascies2020.jpg?fit=300%2C113&ssl=1\" class=\"attachment-medium size-medium\" alt=\"Islas Cies, Comprar fotograf\u00eda  de Galicia\" decoding=\"async\" loading=\"lazy\" srcset=\"https:\/\/i0.wp.com\/www.imaxesdaterra.com\/wp-content\/uploads\/2017\/11\/AS019_islascies2020.jpg?w=2060&ssl=1 2060w, https:\/\/i0.wp.com\/www.imaxesdaterra.com\/wp-content\/uploads\/2017\/11\/AS019_islascies2020.jpg?resize=300%2C113&ssl=1 300w, https:\/\/i0.wp.com\/www.imaxesdaterra.com\/wp-content\/uploads\/2017\/11\/AS019_islascies2020.jpg?resize=768%2C288&ssl=1 768w, https:\/\/i0.wp.com\/www.imaxesdaterra.com\/wp-content\/uploads\/2017\/11\/AS019_islascies2020.jpg?resize=1024%2C384&ssl=1 1024w, https:\/\/i0.wp.com\/www.imaxesdaterra.com\/wp-content\/uploads\/2017\/11\/AS019_islascies2020.jpg?resize=953%2C358&ssl=1 953w, https:\/\/i0.wp.com\/www.imaxesdaterra.com\/wp-content\/uploads\/2017\/11\/AS019_islascies2020.jpg?resize=457%2C171&ssl=1 457w, https:\/\/i0.wp.com\/www.imaxesdaterra.com\/wp-content\/uploads\/2017\/11\/AS019_islascies2020.jpg?resize=468%2C176&ssl=1 468w, https:\/\/i0.wp.com\/www.imaxesdaterra.com\/wp-content\/uploads\/2017\/11\/AS019_islascies2020.jpg?resize=869%2C326&ssl=1 869w, https:\/\/i0.wp.com\/www.imaxesdaterra.com\/wp-content\/uploads\/2017\/11\/AS019_islascies2020.jpg?w=1906&ssl=1 1906w\" sizes=\"(max-width: 300px) 100vw, 300px\" data-attachment-id=\"12468\" data-permalink=\"https:\/\/www.imaxesdaterra.com\/gl\/?attachment_id=12468\" data-orig-file=\"https:\/\/i0.wp.com\/www.imaxesdaterra.com\/wp-content\/uploads\/2017\/11\/AS019_islascies2020.jpg?fit=2060%2C773&ssl=1\" data-orig-size=\"2060,773\" data-comments-opened=\"0\" data-image-meta=\"{&quot;aperture&quot;:&quot;0&quot;,&quot;credit&quot;:&quot;&quot;,&quot;camera&quot;:&quot;&quot;,&quot;caption&quot;:&quot;&quot;,&quot;created_timestamp&quot;:&quot;0&quot;,&quot;copyright&quot;:&quot;Imagen protegida con derechos de autor. Prohibida su reproducci\\u00f3n y uso.&quot;,&quot;focal_length&quot;:&quot;0&quot;,&quot;iso&quot;:&quot;0&quot;,&quot;shutter_speed&quot;:&quot;0&quot;,&quot;title&quot;:&quot;&quot;,&quot;orientation&quot;:&quot;0&quot;}\" data-image-title=\"Islas Cies, Comprar fotograf\u00eda  de Galicia \" data-image-description=\"<p>Islas Cies, Comprar fotograf\u00eda  de Galicia Islas C\u00edes Pontevedra Vigo Puesta de Sol Naturaleza Paisaje Gallego Decoraci\u00f3n<\/p>\n\" data-image-caption=\"<p>Islas Cies, Comprar fotograf\u00eda  de Galicia <\/p>\n\" data-medium-file=\"https:\/\/i0.wp.com\/www.imaxesdaterra.com\/wp-content\/uploads\/2017\/11\/AS019_islascies2020.jpg?fit=300%2C113&ssl=1\" data-large-file=\"https:\/\/i0.wp.com\/www.imaxesdaterra.com\/wp-content\/uploads\/2017\/11\/AS019_islascies2020.jpg?fit=953%2C357&ssl=1\" \/><\/a><\/p>\n<p>Islas Cies, Comprar fotograf\u00eda  de Galicia Islas C\u00edes Pontevedra Vigo Puesta de Sol Naturaleza Paisaje Gallego Decoraci\u00f3n<\/p>\n"},"caption":{"rendered":"<p>Islas Cies, Comprar fotograf\u00eda  de Galicia <\/p>\n"},"alt_text":"Islas Cies, Comprar fotograf\u00eda  de Galicia ","media_type":"image","mime_type":"image\/jpeg","media_details":{"width":2060,"height":773,"file":"2017\/11\/AS019_islascies2020.jpg","sizes":{"thumbnail":{"file":"AS019_islascies2020-150x150.jpg","width":150,"height":150,"mime_type":"image\/jpeg","source_url":"https:\/\/i0.wp.com\/www.imaxesdaterra.com\/wp-content\/uploads\/2017\/11\/AS019_islascies2020.jpg?resize=150%2C150&ssl=1"},"medium":{"file":"AS019_islascies2020-300x113.jpg","width":300,"height":113,"mime_type":"image\/jpeg","source_url":"https:\/\/i0.wp.com\/www.imaxesdaterra.com\/wp-content\/uploads\/2017\/11\/AS019_islascies2020.jpg?fit=300%2C113&ssl=1"},"medium_large":{"file":"AS019_islascies2020-768x288.jpg","width":768,"height":288,"mime_type":"image\/jpeg","source_url":"https:\/\/i0.wp.com\/www.imaxesdaterra.com\/wp-content\/uploads\/2017\/11\/AS019_islascies2020.jpg?fit=768%2C288&ssl=1"},"large":{"file":"AS019_islascies2020-1024x384.jpg","width":1024,"height":384,"mime_type":"image\/jpeg","source_url":"https:\/\/i0.wp.com\/www.imaxesdaterra.com\/wp-content\/uploads\/2017\/11\/AS019_islascies2020.jpg?fit=953%2C357&ssl=1"},"ocin_post":{"file":"AS019_islascies2020-853x480.jpg","width":853,"height":480,"mime_type":"image\/jpeg","source_url":"https:\/\/i0.wp.com\/www.imaxesdaterra.com\/wp-content\/uploads\/2017\/11\/AS019_islascies2020.jpg?resize=853%2C480&ssl=1"},"ocin_post_single":{"file":"AS019_islascies2020-953x358.jpg","width":953,"height":358,"mime_type":"image\/jpeg","source_url":"https:\/\/i0.wp.com\/www.imaxesdaterra.com\/wp-content\/uploads\/2017\/11\/AS019_islascies2020.jpg?fit=953%2C358&ssl=1"},"ocin_post_square":{"file":"AS019_islascies2020-457x171.jpg","width":457,"height":171,"mime_type":"image\/jpeg","source_url":"https:\/\/i0.wp.com\/www.imaxesdaterra.com\/wp-content\/uploads\/2017\/11\/AS019_islascies2020.jpg?fit=457%2C171&ssl=1"},"ocin_shop_catalog_portrait":{"file":"AS019_islascies2020-468x686.jpg","width":468,"height":686,"mime_type":"image\/jpeg","source_url":"https:\/\/i0.wp.com\/www.imaxesdaterra.com\/wp-content\/uploads\/2017\/11\/AS019_islascies2020.jpg?resize=468%2C686&ssl=1"},"ocin_shop_single_portrait":{"file":"AS019_islascies2020-581x773.jpg","width":581,"height":773,"mime_type":"image\/jpeg","source_url":"https:\/\/i0.wp.com\/www.imaxesdaterra.com\/wp-content\/uploads\/2017\/11\/AS019_islascies2020.jpg?resize=581%2C773&ssl=1"},"woocommerce_thumbnail":{"file":"AS019_islascies2020-468x176.jpg","width":468,"height":176,"mime_type":"image\/jpeg","source_url":"https:\/\/i0.wp.com\/www.imaxesdaterra.com\/wp-content\/uploads\/2017\/11\/AS019_islascies2020.jpg?fit=468%2C176&ssl=1"},"woocommerce_single":{"file":"AS019_islascies2020-869x326.jpg","width":869,"height":326,"mime_type":"image\/jpeg","source_url":"https:\/\/i0.wp.com\/www.imaxesdaterra.com\/wp-content\/uploads\/2017\/11\/AS019_islascies2020.jpg?fit=869%2C326&ssl=1"},"woocommerce_gallery_thumbnail":{"file":"AS019_islascies2020-100x100.jpg","width":100,"height":100,"mime_type":"image\/jpeg","source_url":"https:\/\/i0.wp.com\/www.imaxesdaterra.com\/wp-content\/uploads\/2017\/11\/AS019_islascies2020.jpg?resize=100%2C100&ssl=1"},"shop_catalog":{"file":"AS019_islascies2020-468x176.jpg","width":468,"height":176,"mime_type":"image\/jpeg","source_url":"https:\/\/www.imaxesdaterra.com\/wp-content\/uploads\/2017\/11\/AS019_islascies2020-468x176.jpg"},"shop_single":{"file":"AS019_islascies2020-869x326.jpg","width":869,"height":326,"mime_type":"image\/jpeg","source_url":"https:\/\/www.imaxesdaterra.com\/wp-content\/uploads\/2017\/11\/AS019_islascies2020-869x326.jpg"},"shop_thumbnail":{"file":"AS019_islascies2020-100x100.jpg","width":100,"height":100,"mime_type":"image\/jpeg","source_url":"https:\/\/www.imaxesdaterra.com\/wp-content\/uploads\/2017\/11\/AS019_islascies2020-100x100.jpg"},"full":{"file":"AS019_islascies2020.jpg?fit=2060%2C773&ssl=1","width":2060,"height":773,"mime_type":"image\/jpeg","source_url":"https:\/\/i0.wp.com\/www.imaxesdaterra.com\/wp-content\/uploads\/2017\/11\/AS019_islascies2020.jpg?fit=2060%2C773&ssl=1"}},"image_meta":{"aperture":"0","credit":"","camera":"","caption":"","created_timestamp":"0","copyright":"Imagen protegida con derechos de autor. Prohibida su reproducci\u00f3n y uso.","focal_length":"0","iso":"0","shutter_speed":"0","title":"","orientation":"0","keywords":[]}},"post":5974,"source_url":"https:\/\/www.imaxesdaterra.com\/wp-content\/uploads\/2017\/11\/AS019_islascies2020.jpg","_links":{"self":[{"href":"https:\/\/www.imaxesdaterra.com\/gl\/wp-json\/wp\/v2\/media\/12468"}],"collection":[{"href":"https:\/\/www.imaxesdaterra.com\/gl\/wp-json\/wp\/v2\/media"}],"about":[{"href":"https:\/\/www.imaxesdaterra.com\/gl\/wp-json\/wp\/v2\/types\/attachment"}],"author":[{"embeddable":true,"href":"https:\/\/www.imaxesdaterra.com\/gl\/wp-json\/wp\/v2\/users\/1"}],"replies":[{"embeddable":true,"href":"https:\/\/www.imaxesdaterra.com\/gl\/wp-json\/wp\/v2\/comments?post=12468"}],"wp:term":[{"taxonomy":"yst_prominent_words","embeddable":true,"href":"https:\/\/www.imaxesdaterra.com\/gl\/wp-json\/wp\/v2\/yst_prominent_words?post=12468"}],"curies":[{"name":"wp","href":"https:\/\/api.w.org\/{rel}","templated":true}]}}

Islas Cies, Comprar fotografía  de Galicia

<p class="attachment"><a href='https://i0.wp.com/www.imaxesdaterra.com/wp-content/uploads/2017/11/AS019_islascies2020.jpg?ssl=1'><img width="300" height="113" src="https://i0.wp.com/www.imaxesdaterra.com/wp-content/uploads/2017/11/AS019_islascies2020.jpg?fit=300%2C113&ssl=1" class="attachment-medium size-medium" alt="Islas Cies, Comprar fotografía  de Galicia" decoding="async" loading="lazy" srcset="https://i0.wp.com/www.imaxesdaterra.com/wp-content/uploads/2017/11/AS019_islascies2020.jpg?w=2060&ssl=1 2060w, https://i0.wp.com/www.imaxesdaterra.com/wp-content/uploads/2017/11/AS019_islascies2020.jpg?resize=300%2C113&ssl=1 300w, https://i0.wp.com/www.imaxesdaterra.com/wp-content/uploads/2017/11/AS019_islascies2020.jpg?resize=768%2C288&ssl=1 768w, https://i0.wp.com/www.imaxesdaterra.com/wp-content/uploads/2017/11/AS019_islascies2020.jpg?resize=1024%2C384&ssl=1 1024w, https://i0.wp.com/www.imaxesdaterra.com/wp-content/uploads/2017/11/AS019_islascies2020.jpg?resize=953%2C358&ssl=1 953w, https://i0.wp.com/www.imaxesdaterra.com/wp-content/uploads/2017/11/AS019_islascies2020.jpg?resize=457%2C171&ssl=1 457w, https://i0.wp.com/www.imaxesdaterra.com/wp-content/uploads/2017/11/AS019_islascies2020.jpg?resize=468%2C176&ssl=1 468w, https://i0.wp.com/www.imaxesdaterra.com/wp-content/uploads/2017/11/AS019_islascies2020.jpg?resize=869%2C326&ssl=1 869w, https://i0.wp.com/www.imaxesdaterra.com/wp-content/uploads/2017/11/AS019_islascies2020.jpg?w=1906&ssl=1 1906w" sizes="(max-width: 300px) 100vw, 300px" data-attachment-id="12468" data-permalink="https://www.imaxesdaterra.com/gl/?attachment_id=12468" data-orig-file="https://i0.wp.com/www.imaxesdaterra.com/wp-content/uploads/2017/11/AS019_islascies2020.jpg?fit=2060%2C773&ssl=1" data-orig-size="2060,773" data-comments-opened="0" data-image-meta="{&quot;aperture&quot;:&quot;0&quot;,&quot;credit&quot;:&quot;&quot;,&quot;camera&quot;:&quot;&quot;,&quot;caption&quot;:&quot;&quot;,&quot;created_timestamp&quot;:&quot;0&quot;,&quot;copyright&quot;:&quot;Imagen protegida con derechos de autor. Prohibida su reproducci\u00f3n y uso.&quot;,&quot;focal_length&quot;:&quot;0&quot;,&quot;iso&quot;:&quot;0&quot;,&quot;shutter_speed&quot;:&quot;0&quot;,&quot;title&quot;:&quot;&quot;,&quot;orientation&quot;:&quot;0&quot;}" data-image-title="Islas Cies, Comprar fotografía  de Galicia " data-image-description="<p>Islas Cies, Comprar fotografía  de Galicia Islas Cíes Pontevedra Vigo Puesta de Sol Naturaleza Paisaje Gallego Decoración</p>
" data-image-caption="<p>Islas Cies, Comprar fotografía  de Galicia </p>
" data-medium-file="https://i0.wp.com/www.imaxesdaterra.com/wp-content/uploads/2017/11/AS019_islascies2020.jpg?fit=300%2C113&ssl=1" data-large-file="https://i0.wp.com/www.imaxesdaterra.com/wp-content/uploads/2017/11/AS019_islascies2020.jpg?fit=953%2C357&ssl=1" /></a></p>
<p>Islas Cies, Comprar fotografía  de Galicia Islas Cíes Pontevedra Vigo Puesta de Sol Naturaleza Paisaje Gallego Decoración</p>

<p>Islas Cies, Comprar fotografía  de Galicia </p>

Imagen protegida con derechos de autor. Prohibida su reproducción y uso.
